Last updated on 2024-04-16 22:55:22 CEST.
Flavor | Version | Tinstall | Tcheck | Ttotal | Status | Flags |
---|---|---|---|---|---|---|
r-devel-linux-x86_64-debian-clang | 2.0.2 | 34.94 | 512.80 | 547.74 | NOTE | |
r-devel-linux-x86_64-debian-gcc | 2.0.2 | 27.41 | 366.19 | 393.60 | NOTE | |
r-devel-linux-x86_64-fedora-clang | 2.0.2 | 675.34 | NOTE | |||
r-devel-linux-x86_64-fedora-gcc | 2.0.2 | 665.61 | NOTE | |||
r-prerel-macos-arm64 | 2.0.2 | 178.00 | NOTE | |||
r-prerel-windows-x86_64 | 2.0.2 | 34.00 | 377.00 | 411.00 | NOTE | |
r-patched-linux-x86_64 | 2.0.2 | 37.68 | 483.90 | 521.58 | NOTE | |
r-release-linux-x86_64 | 2.0.2 | 36.21 | 490.87 | 527.08 | OK | |
r-release-macos-arm64 | 2.0.2 | 189.00 | OK | |||
r-release-macos-x86_64 | 2.0.2 | 345.00 | OK | |||
r-release-windows-x86_64 | 2.0.2 | 43.00 | 501.00 | 544.00 | OK | |
r-oldrel-macos-arm64 | 2.0.2 | 164.00 | OK | |||
r-oldrel-windows-x86_64 | 2.0.2 | 41.00 | 502.00 | 543.00 | OK |
Version: 2.0.2
Check: Rd files
Result: NOTE
checkRd: (-1) CytofTree.Rd:47-48: Lost braces in \itemize; \value handles \item{}{} directly
checkRd: (-1) CytofTree.Rd:49: Lost braces in \itemize; \value handles \item{}{} directly
checkRd: (-1) CytofTree.Rd:50: Lost braces in \itemize; \value handles \item{}{} directly
checkRd: (-1) CytofTree.Rd:51-52: Lost braces in \itemize; \value handles \item{}{} directly
checkRd: (-1) CytofTree.Rd:53: Lost braces in \itemize; \value handles \item{}{} directly
checkRd: (-1) CytofTree.Rd:54: Lost braces in \itemize; \value handles \item{}{} directly
checkRd: (-1) CytomeTree.Rd:33-34: Lost braces in \itemize; \value handles \item{}{} directly
checkRd: (-1) CytomeTree.Rd:35: Lost braces in \itemize; \value handles \item{}{} directly
checkRd: (-1) CytomeTree.Rd:36: Lost braces in \itemize; \value handles \item{}{} directly
checkRd: (-1) CytomeTree.Rd:37-38: Lost braces in \itemize; \value handles \item{}{} directly
checkRd: (-1) RetrievePops.Rd:20-21: Lost braces in \itemize; \value handles \item{}{} directly
checkRd: (-1) RetrievePops.Rd:22-23: Lost braces in \itemize; \value handles \item{}{} directly
Flavors: r-devel-linux-x86_64-debian-clang, r-devel-linux-x86_64-debian-gcc, r-devel-linux-x86_64-fedora-clang, r-devel-linux-x86_64-fedora-gcc, r-prerel-macos-arm64, r-prerel-windows-x86_64, r-patched-linux-x86_64