Last updated on 2023-01-27 23:37:54 CET.
Flavor | Version | Tinstall | Tcheck | Ttotal | Status | Flags |
---|---|---|---|---|---|---|
r-devel-linux-x86_64-debian-clang | 4.0.0 | 22.62 | 237.63 | 260.25 | NOTE | |
r-devel-linux-x86_64-debian-gcc | 4.0.0 | 17.17 | 170.53 | 187.70 | NOTE | |
r-devel-linux-x86_64-fedora-clang | 4.0.0 | 311.01 | NOTE | |||
r-devel-linux-x86_64-fedora-gcc | 4.0.0 | 315.58 | NOTE | |||
r-devel-windows-x86_64 | 4.0.0 | 91.00 | 311.00 | 402.00 | NOTE | |
r-patched-linux-x86_64 | 4.0.0 | 30.50 | 212.14 | 242.64 | OK | |
r-release-linux-x86_64 | 4.0.0 | 22.41 | 209.24 | 231.65 | OK | |
r-release-macos-arm64 | 4.0.0 | 72.00 | NOTE | |||
r-release-macos-x86_64 | 4.0.0 | 131.00 | NOTE | |||
r-release-windows-x86_64 | 4.0.0 | 104.00 | 317.00 | 421.00 | OK | |
r-oldrel-macos-arm64 | 4.0.0 | 104.00 | NOTE | |||
r-oldrel-macos-x86_64 | 4.0.0 | 110.00 | NOTE | |||
r-oldrel-windows-ix86+x86_64 | 4.0.0 | 46.00 | 253.00 | 299.00 | OK |
Version: 4.0.0
Check: Rd files
Result: NOTE
checkRd: (-1) dspg.Rd:29: Escaped LaTeX specials: \^ \^
checkRd: (-1) dspgd2015.Rd:31: Escaped LaTeX specials: \^ \^
Flavors: r-devel-linux-x86_64-debian-clang, r-devel-linux-x86_64-debian-gcc, r-devel-linux-x86_64-fedora-clang, r-devel-linux-x86_64-fedora-gcc, r-devel-windows-x86_64
Version: 4.0.0
Check: data for non-ASCII characters
Result: NOTE
Note: found 4 marked Latin-1 strings
Note: found 21 marked UTF-8 strings
Flavors: r-devel-linux-x86_64-fedora-clang, r-devel-linux-x86_64-fedora-gcc, r-release-macos-arm64, r-release-macos-x86_64, r-oldrel-macos-arm64, r-oldrel-macos-x86_64