Last updated on 2023-09-23 23:00:44 CEST.
Flavor | Version | Tinstall | Tcheck | Ttotal | Status | Flags |
---|---|---|---|---|---|---|
r-devel-linux-x86_64-debian-clang | 1.0.2 | 4.96 | 40.68 | 45.64 | NOTE | |
r-devel-linux-x86_64-debian-gcc | 1.0.2 | 3.53 | 31.29 | 34.82 | NOTE | |
r-devel-linux-x86_64-fedora-clang | 1.0.2 | 57.66 | NOTE | |||
r-devel-linux-x86_64-fedora-gcc | 1.0.2 | 57.97 | NOTE | |||
r-devel-windows-x86_64 | 1.0.2 | 6.00 | 54.00 | 60.00 | NOTE | |
r-patched-linux-x86_64 | 1.0.2 | 4.07 | 39.63 | 43.70 | NOTE | |
r-release-linux-x86_64 | 1.0.2 | 3.99 | 39.44 | 43.43 | NOTE | |
r-release-macos-arm64 | 1.0.2 | 24.00 | NOTE | |||
r-release-macos-x86_64 | 1.0.2 | 33.00 | NOTE | |||
r-release-windows-x86_64 | 1.0.2 | 7.00 | 56.00 | 63.00 | NOTE | |
r-oldrel-macos-arm64 | 1.0.2 | 24.00 | NOTE | |||
r-oldrel-macos-x86_64 | 1.0.2 | 40.00 | NOTE | |||
r-oldrel-windows-x86_64 | 1.0.2 | 9.00 | 58.00 | 67.00 | NOTE |
Version: 1.0.2
Check: LazyData
Result: NOTE
'LazyData' is specified without a 'data' directory
Flavors: r-devel-linux-x86_64-debian-clang, r-devel-linux-x86_64-debian-gcc, r-devel-linux-x86_64-fedora-clang, r-devel-linux-x86_64-fedora-gcc, r-devel-windows-x86_64, r-patched-linux-x86_64, r-release-linux-x86_64, r-release-macos-arm64, r-release-macos-x86_64, r-release-windows-x86_64, r-oldrel-macos-arm64, r-oldrel-macos-x86_64, r-oldrel-windows-x86_64