CRAN Package Check Results for Package dadjokeapi

Last updated on 2024-07-16 22:48:32 CEST.

Flavor Version Tinstall Tcheck Ttotal Status Flags
r-devel-linux-x86_64-debian-clang 1.0.2 4.54 41.60 46.14 NOTE
r-devel-linux-x86_64-debian-gcc 1.0.2 3.73 31.28 35.01 NOTE
r-devel-linux-x86_64-fedora-clang 1.0.2 60.42 NOTE
r-devel-linux-x86_64-fedora-gcc 1.0.2 53.61 NOTE
r-devel-windows-x86_64 1.0.2 5.00 52.00 57.00 NOTE
r-patched-linux-x86_64 1.0.2 4.35 38.88 43.23 NOTE
r-release-linux-x86_64 1.0.2 4.56 39.64 44.20 NOTE
r-release-macos-arm64 1.0.2 29.00 NOTE
r-release-macos-x86_64 1.0.2 35.00 NOTE
r-release-windows-x86_64 1.0.2 5.00 52.00 57.00 NOTE
r-oldrel-macos-arm64 1.0.2 24.00 NOTE
r-oldrel-macos-x86_64 1.0.2 33.00 NOTE
r-oldrel-windows-x86_64 1.0.2 7.00 55.00 62.00 NOTE

Check Details

Version: 1.0.2
Check: LazyData
Result: NOTE 'LazyData' is specified without a 'data' directory Flavors: r-devel-linux-x86_64-debian-clang, r-devel-linux-x86_64-debian-gcc, r-devel-linux-x86_64-fedora-clang, r-devel-linux-x86_64-fedora-gcc, r-devel-windows-x86_64, r-patched-linux-x86_64, r-release-linux-x86_64, r-release-macos-arm64, r-release-macos-x86_64, r-release-windows-x86_64, r-oldrel-macos-arm64, r-oldrel-macos-x86_64, r-oldrel-windows-x86_64