Last updated on 2023-06-09 22:58:24 CEST.
Flavor | Version | Tinstall | Tcheck | Ttotal | Status | Flags |
---|---|---|---|---|---|---|
r-devel-linux-x86_64-debian-clang | 0.3.0 | 7.54 | 57.98 | 65.52 | OK | |
r-devel-linux-x86_64-debian-gcc | 0.3.0 | 7.10 | 45.02 | 52.12 | OK | |
r-devel-linux-x86_64-fedora-clang | 0.3.0 | 82.49 | NOTE | |||
r-devel-linux-x86_64-fedora-gcc | 0.3.0 | 91.52 | NOTE | |||
r-devel-windows-x86_64 | 0.3.0 | 11.00 | 64.00 | 75.00 | OK | |
r-patched-linux-x86_64 | 0.3.0 | 7.35 | 55.22 | 62.57 | OK | |
r-release-linux-x86_64 | 0.3.0 | 7.99 | 55.01 | 63.00 | OK | |
r-release-macos-arm64 | 0.3.0 | 37.00 | OK | |||
r-release-macos-x86_64 | 0.3.0 | 56.00 | OK | |||
r-release-windows-x86_64 | 0.3.0 | 12.00 | 70.00 | 82.00 | OK | |
r-oldrel-macos-arm64 | 0.3.0 | 36.00 | NOTE | |||
r-oldrel-macos-x86_64 | 0.3.0 | 65.00 | NOTE | |||
r-oldrel-windows-x86_64 | 0.3.0 | 11.00 | 75.00 | 86.00 | OK |
Version: 0.3.0
Check: data for non-ASCII characters
Result: NOTE
Note: found 5 marked UTF-8 strings
Flavors: r-devel-linux-x86_64-fedora-clang, r-devel-linux-x86_64-fedora-gcc, r-oldrel-macos-arm64, r-oldrel-macos-x86_64