CRAN Package Check Results for Package dams

Last updated on 2024-06-13 22:49:24 CEST.

Flavor Version Tinstall Tcheck Ttotal Status Flags
r-devel-linux-x86_64-debian-clang 0.3.0 7.09 57.53 64.62 OK
r-devel-linux-x86_64-debian-gcc 0.3.0 0.50 1.74 2.24 ERROR
r-devel-linux-x86_64-fedora-clang 0.3.0 83.75 NOTE
r-devel-linux-x86_64-fedora-gcc 0.3.0 92.39 NOTE
r-devel-windows-x86_64 0.3.0 8.00 63.00 71.00 OK
r-patched-linux-x86_64 0.3.0 6.96 57.24 64.20 OK
r-release-linux-x86_64 0.3.0 7.95 55.64 63.59 OK
r-release-macos-arm64 0.3.0 35.00 OK
r-release-macos-x86_64 0.3.0 50.00 OK
r-release-windows-x86_64 0.3.0 9.00 66.00 75.00 OK
r-oldrel-macos-arm64 0.3.0 37.00 OK
r-oldrel-macos-x86_64 0.3.0 56.00 OK
r-oldrel-windows-x86_64 0.3.0 10.00 73.00 83.00 OK

Check Details

Version: 0.3.0
Check: package dependencies
Result: ERROR Packages required but not available: 'janitor', 'readxl' Packages suggested but not available for checking: 'ggplot2', 'testthat' See section ‘The DESCRIPTION file’ in the ‘Writing R Extensions’ manual. Flavor: r-devel-linux-x86_64-debian-gcc

Version: 0.3.0
Check: data for non-ASCII characters
Result: NOTE Note: found 5 marked UTF-8 strings Flavors: r-devel-linux-x86_64-fedora-clang, r-devel-linux-x86_64-fedora-gcc