Last updated on 2021-03-03 22:51:13 CET.
Flavor | Version | Tinstall | Tcheck | Ttotal | Status | Flags |
---|---|---|---|---|---|---|
r-devel-linux-x86_64-debian-clang | 0.3.0 | 9.21 | 69.44 | 78.65 | OK | |
r-devel-linux-x86_64-debian-gcc | 0.3.0 | 8.18 | 53.74 | 61.92 | OK | |
r-devel-linux-x86_64-fedora-clang | 0.3.0 | 106.65 | NOTE | |||
r-devel-linux-x86_64-fedora-gcc | 0.3.0 | 91.68 | NOTE | |||
r-devel-windows-ix86+x86_64 | 0.3.0 | 17.00 | 90.00 | 107.00 | OK | |
r-patched-linux-x86_64 | 0.3.0 | 8.39 | 65.27 | 73.66 | OK | |
r-patched-solaris-x86 | 0.3.0 | 147.30 | NOTE | |||
r-release-linux-x86_64 | 0.3.0 | 8.64 | 65.45 | 74.09 | OK | |
r-release-macos-x86_64 | 0.3.0 | NOTE | ||||
r-release-windows-ix86+x86_64 | 0.3.0 | 16.00 | 68.00 | 84.00 | OK | |
r-oldrel-macos-x86_64 | 0.3.0 | NOTE | ||||
r-oldrel-windows-ix86+x86_64 | 0.3.0 | 17.00 | 84.00 | 101.00 | OK |
Version: 0.3.0
Check: data for non-ASCII characters
Result: NOTE
Note: found 5 marked UTF-8 strings
Flavors: r-devel-linux-x86_64-fedora-clang, r-devel-linux-x86_64-fedora-gcc, r-patched-solaris-x86, r-release-macos-x86_64, r-oldrel-macos-x86_64