Last updated on 2023-01-29 23:03:04 CET.
Flavor | Version | Tinstall | Tcheck | Ttotal | Status | Flags |
---|---|---|---|---|---|---|
r-devel-linux-x86_64-debian-clang | 0.2.6 | 38.20 | 263.34 | 301.54 | OK | |
r-devel-linux-x86_64-debian-gcc | 0.2.6 | 27.32 | 175.02 | 202.34 | NOTE | |
r-devel-linux-x86_64-fedora-clang | 0.2.6 | 395.15 | OK | |||
r-devel-linux-x86_64-fedora-gcc | 0.2.6 | 398.84 | NOTE | |||
r-devel-windows-x86_64 | 0.2.6 | 46.00 | 265.00 | 311.00 | NOTE | |
r-patched-linux-x86_64 | 0.2.6 | 31.00 | 254.90 | 285.90 | OK | |
r-release-linux-x86_64 | 0.2.6 | 34.55 | 247.28 | 281.83 | OK | |
r-release-macos-arm64 | 0.2.6 | 86.00 | OK | |||
r-release-macos-x86_64 | 0.2.6 | 138.00 | OK | |||
r-release-windows-x86_64 | 0.2.6 | 45.00 | 256.00 | 301.00 | OK | |
r-oldrel-macos-arm64 | 0.2.6 | 71.00 | OK | |||
r-oldrel-macos-x86_64 | 0.2.6 | 117.00 | OK | |||
r-oldrel-windows-ix86+x86_64 | 0.2.6 | 97.00 | 489.00 | 586.00 | OK |
Version: 0.2.6
Check: C++ specification
Result: NOTE
Specified C++11: please update to current default of C++17
Flavors: r-devel-linux-x86_64-debian-gcc, r-devel-linux-x86_64-fedora-gcc, r-devel-windows-x86_64