CRAN Package Check Results for Package datacutr

Last updated on 2024-06-13 22:49:24 CEST.

Flavor Version Tinstall Tcheck Ttotal Status Flags
r-devel-linux-x86_64-debian-clang 0.1.0 6.22 94.74 100.96 OK
r-devel-linux-x86_64-debian-gcc 0.1.0 0.43 1.71 2.14 ERROR
r-devel-linux-x86_64-fedora-clang 0.1.0 130.89 OK
r-devel-linux-x86_64-fedora-gcc 0.1.0 133.07 OK
r-devel-windows-x86_64 0.1.0 7.00 89.00 96.00 OK
r-patched-linux-x86_64 0.1.0 6.65 90.18 96.83 OK
r-release-linux-x86_64 0.1.0 7.55 88.77 96.32 OK
r-release-macos-arm64 0.1.0 49.00 OK
r-release-macos-x86_64 0.1.0 76.00 OK
r-release-windows-x86_64 0.1.0 9.00 86.00 95.00 OK
r-oldrel-macos-arm64 0.1.0 48.00 OK
r-oldrel-macos-x86_64 0.1.0 73.00 OK
r-oldrel-windows-x86_64 0.1.0 10.00 100.00 110.00 OK

Check Details

Version: 0.1.0
Check: package dependencies
Result: ERROR Packages required but not available: 'admiraldev', 'dplyr', 'lubridate', 'purrr', 'stringr', 'tibble' Packages suggested but not available for checking: 'devtools', 'pkgdown', 'testthat', 'roxygen2', 'styler', 'usethis' See section ‘The DESCRIPTION file’ in the ‘Writing R Extensions’ manual. Flavor: r-devel-linux-x86_64-debian-gcc