Last updated on 2023-06-08 22:56:59 CEST.
Flavor | Version | Tinstall | Tcheck | Ttotal | Status | Flags |
---|---|---|---|---|---|---|
r-devel-linux-x86_64-debian-clang | 2.18.2 | 12.39 | 148.35 | 160.74 | NOTE | |
r-devel-linux-x86_64-debian-gcc | 2.18.2 | 10.01 | 112.60 | 122.61 | NOTE | |
r-devel-linux-x86_64-fedora-clang | 2.18.2 | 200.67 | NOTE | |||
r-devel-linux-x86_64-fedora-gcc | 2.18.2 | 220.96 | NOTE | |||
r-devel-windows-x86_64 | 2.18.2 | 14.00 | 186.00 | 200.00 | NOTE | |
r-patched-linux-x86_64 | 2.18.2 | 13.87 | 143.76 | 157.63 | NOTE | |
r-release-linux-x86_64 | 2.18.2 | 11.60 | 140.95 | 152.55 | NOTE | |
r-release-macos-arm64 | 2.18.2 | 104.00 | NOTE | |||
r-release-macos-x86_64 | 2.18.2 | 130.00 | NOTE | |||
r-release-windows-x86_64 | 2.18.2 | 15.00 | 215.00 | 230.00 | OK | |
r-oldrel-macos-arm64 | 2.18.2 | 105.00 | OK | |||
r-oldrel-macos-x86_64 | 2.18.2 | 143.00 | OK | |||
r-oldrel-windows-x86_64 | 2.18.2 | 17.00 | 163.00 | 180.00 | OK |
Version: 2.18.2
Check: package dependencies
Result: NOTE
Package suggested but not available for checking: ‘stubthat’
Flavors: r-devel-linux-x86_64-debian-clang, r-devel-linux-x86_64-debian-gcc, r-devel-linux-x86_64-fedora-clang, r-devel-linux-x86_64-fedora-gcc, r-devel-windows-x86_64, r-patched-linux-x86_64, r-release-linux-x86_64, r-release-macos-arm64, r-release-macos-x86_64