Last updated on 2024-04-22 23:09:47 CEST.
Flavor | Version | Tinstall | Tcheck | Ttotal | Status | Flags |
---|---|---|---|---|---|---|
r-devel-linux-x86_64-debian-clang | 0.3.13 | 2.77 | 52.36 | 55.13 | OK | |
r-devel-linux-x86_64-debian-gcc | 0.3.13 | 3.22 | 39.39 | 42.61 | OK | |
r-devel-linux-x86_64-fedora-clang | 0.3.13 | 71.33 | OK | |||
r-devel-linux-x86_64-fedora-gcc | 0.3.13 | 81.65 | OK | |||
r-prerel-macos-arm64 | 0.3.13 | 55.00 | OK | |||
r-prerel-windows-x86_64 | 0.3.13 | 5.00 | 80.00 | 85.00 | OK | |
r-patched-linux-x86_64 | 0.3.13 | 4.70 | 51.26 | 55.96 | OK | |
r-release-linux-x86_64 | 0.3.13 | 2.68 | 45.37 | 48.05 | ERROR | |
r-release-macos-arm64 | 0.3.13 | 54.00 | OK | |||
r-release-macos-x86_64 | 0.3.13 | 94.00 | OK | |||
r-release-windows-x86_64 | 0.3.13 | 6.00 | 85.00 | 91.00 | OK | |
r-oldrel-macos-arm64 | 0.3.13 | 46.00 | OK | |||
r-oldrel-windows-x86_64 | 0.3.13 | 7.00 | 83.00 | 90.00 | OK |
Version: 0.3.13
Check: re-building of vignette outputs
Result: ERROR
Error(s) in re-building vignettes:
...
--- re-building ‘A-introduction.Rmd’ using rmarkdown
--- finished re-building ‘A-introduction.Rmd’
--- re-building ‘B-search.Rmd’ using rmarkdown
Quitting from lines at lines 21-24 [unnamed-chunk-1] (B-search.Rmd)
Error: processing vignette 'B-search.Rmd' failed with diagnostics:
Internal Server Error (HTTP 500). Failed to Exception running search for [Gary King] with filterQueries [dvObjectType:(dataverses OR datasets OR files), ] and paginationStart [0]: edu.harvard.iq.dataverse.search.SearchException: Internal Dataverse Search Engine Error org.apache.solr.client.solrj.SolrServerException org.apache.solr.client.solrj.SolrServerException: Timeout occurred while waiting response from server at: http://dvn-cloud-solr.lib.harvard.edu:8983/solr/collection1 java.net.SocketTimeoutException java.net.SocketTimeoutException: Read timed out .
--- failed re-building ‘B-search.Rmd’
--- re-building ‘C-download.Rmd’ using rmarkdown
Quitting from lines at lines 46-50 [unnamed-chunk-3] (C-download.Rmd)
Error: processing vignette 'C-download.Rmd' failed with diagnostics:
Internal Server Error (HTTP 500). Failed to Exception running search for [entityId:2692296] with filterQueries [dvObjectType:(files), ] and paginationStart [0]: edu.harvard.iq.dataverse.search.SearchException: Internal Dataverse Search Engine Error org.apache.solr.client.solrj.SolrServerException org.apache.solr.client.solrj.SolrServerException: Timeout occurred while waiting response from server at: http://dvn-cloud-solr.lib.harvard.edu:8983/solr/collection1 java.net.SocketTimeoutException java.net.SocketTimeoutException: Read timed out .
--- failed re-building ‘C-download.Rmd’
SUMMARY: processing the following files failed:
‘B-search.Rmd’ ‘C-download.Rmd’
Error: Vignette re-building failed.
Execution halted
Flavor: r-release-linux-x86_64