Last updated on 2023-11-30 22:58:55 CET.
Flavor | Version | Tinstall | Tcheck | Ttotal | Status | Flags |
---|---|---|---|---|---|---|
r-devel-linux-x86_64-debian-clang | 0.9.0 | 15.05 | 243.04 | 258.09 | OK | |
r-devel-linux-x86_64-debian-gcc | 0.9.0 | 11.94 | 181.36 | 193.30 | OK | |
r-devel-linux-x86_64-fedora-clang | 0.9.0 | 312.32 | NOTE | |||
r-devel-linux-x86_64-fedora-gcc | 0.9.0 | 335.25 | OK | |||
r-devel-windows-x86_64 | 0.9.0 | 12.00 | 186.00 | 198.00 | OK | |
r-patched-linux-x86_64 | 0.9.0 | 18.02 | 232.47 | 250.49 | OK | |
r-release-linux-x86_64 | 0.9.0 | 10.99 | 229.21 | 240.20 | OK | |
r-release-macos-arm64 | 0.9.0 | 106.00 | OK | |||
r-release-macos-x86_64 | 0.9.0 | 232.00 | OK | |||
r-release-windows-x86_64 | 0.9.0 | 13.00 | 232.00 | 245.00 | OK | |
r-oldrel-macos-arm64 | 0.9.0 | 99.00 | OK | |||
r-oldrel-macos-x86_64 | 0.9.0 | 155.00 | OK | |||
r-oldrel-windows-x86_64 | 0.9.0 | 16.00 | 209.00 | 225.00 | OK |
Version: 0.9.0
Check: Rd cross-references
Result: NOTE
Undeclared package ‘performance’ in Rd xrefs
Flavor: r-devel-linux-x86_64-fedora-clang