Last updated on 2024-04-19 22:55:42 CEST.
Flavor | Version | Tinstall | Tcheck | Ttotal | Status | Flags |
---|---|---|---|---|---|---|
r-devel-linux-x86_64-debian-clang | 1.1.0 | 9.94 | 145.35 | 155.29 | NOTE | |
r-devel-linux-x86_64-debian-gcc | 1.1.0 | NOTE | ||||
r-devel-linux-x86_64-fedora-clang | 1.1.0 | 194.32 | NOTE | |||
r-devel-linux-x86_64-fedora-gcc | 1.1.0 | 198.55 | NOTE | |||
r-prerel-macos-arm64 | 1.1.0 | 56.00 | NOTE | |||
r-prerel-windows-x86_64 | 1.1.0 | 12.00 | 131.00 | 143.00 | NOTE | |
r-patched-linux-x86_64 | 1.1.0 | 7.96 | 139.58 | 147.54 | NOTE | |
r-release-linux-x86_64 | 1.1.0 | 7.19 | 138.22 | 145.41 | OK | |
r-release-macos-arm64 | 1.1.0 | 67.00 | OK | |||
r-release-macos-x86_64 | 1.1.0 | 136.00 | OK | |||
r-release-windows-x86_64 | 1.1.0 | 15.00 | 155.00 | 170.00 | OK | |
r-oldrel-macos-arm64 | 1.1.0 | 150.00 | OK | |||
r-oldrel-windows-x86_64 | 1.1.0 | 15.00 | 149.00 | 164.00 | OK |
Version: 1.1.0
Check: Rd files
Result: NOTE
checkRd: (-1) value_missing_table.Rd:19: Lost braces in \itemize; \value handles \item{}{} directly
checkRd: (-1) value_missing_table.Rd:20: Lost braces in \itemize; \value handles \item{}{} directly
Flavors: r-devel-linux-x86_64-debian-clang, r-devel-linux-x86_64-debian-gcc, r-devel-linux-x86_64-fedora-clang, r-devel-linux-x86_64-fedora-gcc, r-prerel-macos-arm64, r-prerel-windows-x86_64, r-patched-linux-x86_64