CRAN Package Check Results for Package dbparser

Last updated on 2021-04-12 22:50:59 CEST.

Flavor Version Tinstall Tcheck Ttotal Status Flags
r-devel-linux-x86_64-debian-clang 1.2.0 20.78 114.47 135.25 NOTE
r-devel-linux-x86_64-debian-gcc 1.2.0 18.37 83.57 101.94 NOTE
r-devel-linux-x86_64-fedora-clang 1.2.0 176.84 NOTE
r-devel-linux-x86_64-fedora-gcc 1.2.0 161.24 NOTE
r-devel-windows-ix86+x86_64 1.2.0 38.00 149.00 187.00 NOTE
r-devel-windows-x86_64-gcc10-UCRT 1.2.0 NOTE
r-patched-linux-x86_64 1.2.0 20.97 105.65 126.62 OK
r-patched-solaris-x86 1.2.0 213.90 OK
r-release-linux-x86_64 1.2.0 19.17 105.78 124.95 OK
r-release-macos-x86_64 1.2.0 OK
r-release-windows-ix86+x86_64 1.2.0 47.00 158.00 205.00 OK
r-oldrel-macos-x86_64 1.2.0 OK
r-oldrel-windows-ix86+x86_64 1.2.0 22.00 109.00 131.00 OK

Check Details

Version: 1.2.0
Check: LazyData
Result: NOTE
     'LazyData' is specified without a 'data' directory
Flavors: r-devel-linux-x86_64-debian-clang, r-devel-linux-x86_64-debian-gcc, r-devel-linux-x86_64-fedora-clang, r-devel-linux-x86_64-fedora-gcc, r-devel-windows-ix86+x86_64, r-devel-windows-x86_64-gcc10-UCRT