CRAN Package Check Results for Package dbscan

Last updated on 2018-07-17 22:50:29 CEST.

Flavor Version Tinstall Tcheck Ttotal Status Flags
r-devel-linux-x86_64-debian-clang 1.1-2 102.27 79.03 181.30 OK
r-devel-linux-x86_64-debian-gcc 1.1-2 79.16 59.22 138.38 OK
r-devel-linux-x86_64-fedora-clang 1.1-2 279.21 NOTE
r-devel-linux-x86_64-fedora-gcc 1.1-2 243.95 OK
r-devel-windows-ix86+x86_64 1.1-2 311.00 145.00 456.00 OK
r-patched-linux-x86_64 1.1-2 109.97 74.53 184.50 OK
r-patched-solaris-x86 1.1-2 273.50 OK
r-release-linux-x86_64 1.1-2 105.87 74.64 180.51 OK
r-release-windows-ix86+x86_64 1.1-2 309.00 183.00 492.00 OK
r-release-osx-x86_64 1.1-2 NOTE
r-oldrel-windows-ix86+x86_64 1.1-2 253.00 189.00 442.00 OK
r-oldrel-osx-x86_64 1.1-2 NOTE

Check Details

Version: 1.1-2
Check: installed package size
Result: NOTE
     installed size is 7.8Mb
     sub-directories of 1Mb or more:
     libs 6.5Mb
Flavors: r-devel-linux-x86_64-fedora-clang, r-release-osx-x86_64, r-oldrel-osx-x86_64