Last updated on 2023-06-09 22:58:24 CEST.
Flavor | Version | Tinstall | Tcheck | Ttotal | Status | Flags |
---|---|---|---|---|---|---|
r-devel-linux-x86_64-debian-clang | 0.2.8 | 1.92 | 30.75 | 32.67 | NOTE | |
r-devel-linux-x86_64-debian-gcc | 0.2.8 | 2.16 | 23.61 | 25.77 | NOTE | |
r-devel-linux-x86_64-fedora-clang | 0.2.8 | 41.93 | NOTE | |||
r-devel-linux-x86_64-fedora-gcc | 0.2.8 | 39.75 | NOTE | |||
r-devel-windows-x86_64 | 0.2.8 | 6.00 | 47.00 | 53.00 | NOTE | |
r-patched-linux-x86_64 | 0.2.8 | 2.87 | 29.61 | 32.48 | NOTE | |
r-release-linux-x86_64 | 0.2.8 | 1.78 | 29.28 | 31.06 | NOTE | |
r-release-macos-arm64 | 0.2.8 | 19.00 | NOTE | |||
r-release-macos-x86_64 | 0.2.8 | 28.00 | NOTE | |||
r-release-windows-x86_64 | 0.2.8 | 4.00 | 47.00 | 51.00 | NOTE | |
r-oldrel-macos-arm64 | 0.2.8 | 20.00 | NOTE | |||
r-oldrel-macos-x86_64 | 0.2.8 | 29.00 | NOTE | |||
r-oldrel-windows-x86_64 | 0.2.8 | 4.00 | 49.00 | 53.00 | NOTE |
Version: 0.2.8
Check: LazyData
Result: NOTE
'LazyData' is specified without a 'data' directory
Flavors: r-devel-linux-x86_64-debian-clang, r-devel-linux-x86_64-debian-gcc, r-devel-linux-x86_64-fedora-clang, r-devel-linux-x86_64-fedora-gcc, r-devel-windows-x86_64, r-patched-linux-x86_64, r-release-linux-x86_64, r-release-macos-arm64, r-release-macos-x86_64, r-release-windows-x86_64, r-oldrel-macos-arm64, r-oldrel-macos-x86_64, r-oldrel-windows-x86_64