Last updated on 2024-04-23 22:55:19 CEST.
Flavor | Version | Tinstall | Tcheck | Ttotal | Status | Flags |
---|---|---|---|---|---|---|
r-devel-linux-x86_64-debian-clang | 1.2.0 | 5.52 | 50.01 | 55.53 | OK | |
r-devel-linux-x86_64-debian-gcc | 1.2.0 | 3.88 | 37.36 | 41.24 | OK | |
r-devel-linux-x86_64-fedora-clang | 1.2.0 | 68.02 | OK | |||
r-devel-linux-x86_64-fedora-gcc | 1.2.0 | 65.68 | OK | |||
r-prerel-macos-arm64 | 1.2.0 | 23.00 | OK | |||
r-prerel-macos-x86_64 | 1.2.0 | 50.00 | OK | |||
r-prerel-windows-x86_64 | 1.2.0 | 5.00 | 56.00 | 61.00 | OK | |
r-patched-linux-x86_64 | 1.2.0 | 5.50 | 47.77 | 53.27 | OK | |
r-release-linux-x86_64 | 1.2.0 | 2.67 | 45.65 | 48.32 | OK | |
r-release-macos-arm64 | 1.2.0 | 24.00 | OK | |||
r-release-macos-x86_64 | 1.2.0 | 69.00 | OK | |||
r-release-windows-x86_64 | 1.2.0 | 8.00 | 60.00 | 68.00 | OK | |
r-oldrel-macos-arm64 | 1.2.0 | 11.00 | ERROR | |||
r-oldrel-windows-x86_64 | 1.2.0 | 6.00 | 66.00 | 72.00 | OK |
Version: 1.2.0
Check: package dependencies
Result: ERROR
Package required but not available: ‘RedeR’
See section ‘The DESCRIPTION file’ in the ‘Writing R Extensions’
manual.
Flavor: r-oldrel-macos-arm64