Last updated on 2023-03-23 22:52:29 CET.
Flavor | Version | Tinstall | Tcheck | Ttotal | Status | Flags |
---|---|---|---|---|---|---|
r-devel-linux-x86_64-debian-clang | 2.3-0 | 16.32 | 154.04 | 170.36 | OK | |
r-devel-linux-x86_64-debian-gcc | 2.3-0 | 14.93 | 115.99 | 130.92 | OK | |
r-devel-linux-x86_64-fedora-clang | 2.3-0 | 214.01 | OK | |||
r-devel-linux-x86_64-fedora-gcc | 2.3-0 | 199.67 | OK | |||
r-devel-windows-x86_64 | 2.3-0 | 40.00 | 192.00 | 232.00 | NOTE | |
r-patched-linux-x86_64 | 2.3-0 | 19.37 | 142.78 | 162.15 | OK | |
r-release-linux-x86_64 | 2.3-0 | 11.33 | 141.88 | 153.21 | OK | |
r-release-macos-arm64 | 2.3-0 | 70.00 | NOTE | |||
r-release-macos-x86_64 | 2.3-0 | 89.00 | NOTE | |||
r-release-windows-x86_64 | 2.3-0 | 53.00 | 255.00 | 308.00 | NOTE | |
r-oldrel-macos-arm64 | 2.3-0 | 52.00 | NOTE | |||
r-oldrel-macos-x86_64 | 2.3-0 | 113.00 | NOTE | |||
r-oldrel-windows-ix86+x86_64 | 2.3-0 | 38.00 | 166.00 | 204.00 | OK |
Version: 2.3-0
Check: package dependencies
Result: NOTE
Package suggested but not available for checking: 'BRugs'
Flavors: r-devel-windows-x86_64, r-release-macos-arm64, r-release-macos-x86_64, r-release-windows-x86_64, r-oldrel-macos-arm64, r-oldrel-macos-x86_64