CRAN Package Check Results for Package dclone

Last updated on 2018-09-23 22:46:52 CEST.

Flavor Version Tinstall Tcheck Ttotal Status Flags
r-devel-linux-x86_64-debian-clang 2.2-0 6.68 75.64 82.32 OK
r-devel-linux-x86_64-debian-gcc 2.2-0 6.25 63.43 69.68 OK
r-devel-linux-x86_64-fedora-clang 2.2-0 97.78 OK
r-devel-linux-x86_64-fedora-gcc 2.2-0 96.52 OK
r-devel-windows-ix86+x86_64 2.2-0 15.00 104.00 119.00 OK
r-patched-linux-x86_64 2.2-0 6.36 65.04 71.40 OK
r-patched-solaris-x86 2.2-0 131.80 NOTE
r-release-linux-x86_64 2.2-0 6.94 65.48 72.42 OK
r-release-windows-ix86+x86_64 2.2-0 11.00 103.00 114.00 OK
r-release-osx-x86_64 2.2-0 NOTE
r-oldrel-windows-ix86+x86_64 2.2-0 8.00 121.00 129.00 OK
r-oldrel-osx-x86_64 2.2-0 NOTE

Check Details

Version: 2.2-0
Check: package dependencies
Result: NOTE
    Package suggested but not available for checking: ‘BRugs’
Flavors: r-patched-solaris-x86, r-release-osx-x86_64, r-oldrel-osx-x86_64