CRAN Package Check Results for Package dclone

Last updated on 2017-11-23 22:46:38 CET.

Flavor Version Tinstall Tcheck Ttotal Status Flags
r-devel-linux-x86_64-debian-clang 2.1-2 2.85 66.00 68.85 OK
r-devel-linux-x86_64-debian-gcc 2.1-2 3.30 90.87 94.16 OK
r-devel-linux-x86_64-fedora-clang 2.1-2 77.21 OK
r-devel-linux-x86_64-fedora-gcc 2.1-2 86.13 OK
r-devel-windows-ix86+x86_64 2.1-2 8.00 103.00 111.00 OK
r-patched-linux-x86_64 2.1-2 4.19 104.35 108.54 OK
r-patched-solaris-x86 2.1-2 149.60 NOTE
r-release-linux-x86_64 2.1-2 3.23 45.99 49.22 OK
r-release-windows-ix86+x86_64 2.1-2 8.00 83.00 91.00 OK
r-release-osx-x86_64 2.1-2 NOTE
r-oldrel-windows-ix86+x86_64 2.1-2 7.00 76.00 83.00 OK
r-oldrel-osx-x86_64 2.1-2 NOTE

Check Details

Version: 2.1-2
Check: package dependencies
Result: NOTE
    Package suggested but not available for checking: ‘BRugs’
Flavors: r-patched-solaris-x86, r-release-osx-x86_64, r-oldrel-osx-x86_64