CRAN Package Check Results for Package dcmle

Last updated on 2023-03-25 22:55:26 CET.

Flavor Version Tinstall Tcheck Ttotal Status Flags
r-devel-linux-x86_64-debian-clang 0.3-1 22.03 172.10 194.13 NOTE
r-devel-linux-x86_64-debian-gcc 0.3-1 18.87 124.76 143.63 NOTE
r-devel-linux-x86_64-fedora-gcc 0.3-1 226.59 NOTE
r-patched-linux-x86_64 0.3-1 26.07 157.02 183.09 NOTE
r-release-linux-x86_64 0.3-1 17.19 158.58 175.77 NOTE
r-release-macos-arm64 0.3-1 82.00 NOTE
r-release-macos-x86_64 0.3-1 87.00 NOTE
r-release-windows-x86_64 0.3-1 33.00 200.00 233.00 NOTE
r-oldrel-macos-arm64 0.3-1 59.00 NOTE
r-oldrel-macos-x86_64 0.3-1 110.00 NOTE
r-oldrel-windows-ix86+x86_64 0.3-1 47.00 190.00 237.00 NOTE

Check Details

Version: 0.3-1
Check: LazyData
Result: NOTE
     'LazyData' is specified without a 'data' directory
Flavors: r-devel-linux-x86_64-debian-clang, r-devel-linux-x86_64-debian-gcc, r-devel-linux-x86_64-fedora-gcc, r-patched-linux-x86_64, r-release-linux-x86_64, r-release-macos-arm64, r-release-macos-x86_64, r-release-windows-x86_64, r-oldrel-macos-arm64, r-oldrel-macos-x86_64, r-oldrel-windows-ix86+x86_64