CRAN Package Check Results for Package deBInfer

Last updated on 2017-11-19 22:49:02.

Flavor Version Tinstall Tcheck Ttotal Status Flags
r-devel-linux-x86_64-debian-clang 0.4.1 1.55 274.42 275.96 OK
r-devel-linux-x86_64-debian-gcc 0.4.1 1.57 460.15 461.72 OK
r-devel-linux-x86_64-fedora-clang 0.4.1 525.42 OK
r-devel-linux-x86_64-fedora-gcc 0.4.1 556.73 OK
r-devel-windows-ix86+x86_64 0.4.1 8.00 250.00 258.00 OK --no-vignettes
r-patched-linux-x86_64 0.4.1 1.63 272.76 274.39 OK
r-patched-solaris-x86 0.4.1 553.50 NOTE
r-release-linux-x86_64 0.4.1 1.42 262.47 263.90 OK
r-release-windows-ix86+x86_64 0.4.1 6.00 322.00 328.00 OK --no-vignettes
r-release-osx-x86_64 0.4.1 WARN
r-oldrel-windows-ix86+x86_64 0.4.1 6.00 351.00 357.00 OK --no-vignettes
r-oldrel-osx-x86_64 0.4.1 OK

Check Details

Version: 0.4.1
Check: package dependencies
Result: NOTE
    Package suggested but not available for checking: ‘microbenchmark’
Flavor: r-patched-solaris-x86

Version: 0.4.1
Check: package dependencies
Result: NOTE
    Package suggested but not available for checking: ‘devtools’
Flavor: r-release-osx-x86_64

Version: 0.4.1
Check: re-building of vignette outputs
Result: WARN
    Error in re-building vignettes:
     ...
    Warning in engine$weave(file, quiet = quiet, encoding = enc) :
     Pandoc (>= 1.12.3) and/or pandoc-citeproc not available. Falling back to R Markdown v1.
    Quitting from lines 29-31 (chytrid_dede_example.Rmd)
    Error: processing vignette 'chytrid_dede_example.Rmd' failed with diagnostics:
    there is no package called 'devtools'
    Execution halted
Flavor: r-release-osx-x86_64