CRAN Package Check Results for Package deTestSet

Last updated on 2018-09-23 22:46:53 CEST.

Flavor Version Tinstall Tcheck Ttotal Status Flags
r-devel-linux-x86_64-debian-clang 1.1.5 29.50 70.43 99.93 OK
r-devel-linux-x86_64-debian-gcc 1.1.5 25.59 52.82 78.41 OK
r-devel-linux-x86_64-fedora-clang 1.1.5 125.30 NOTE
r-devel-linux-x86_64-fedora-gcc 1.1.5 122.67 NOTE
r-devel-windows-ix86+x86_64 1.1.5 101.00 143.00 244.00 OK
r-patched-linux-x86_64 1.1.5 27.70 68.67 96.37 OK
r-patched-solaris-x86 1.1.5 237.90 OK
r-release-linux-x86_64 1.1.5 27.75 68.84 96.59 OK
r-release-windows-ix86+x86_64 1.1.5 76.00 163.00 239.00 OK
r-release-osx-x86_64 1.1.5 OK
r-oldrel-windows-ix86+x86_64 1.1.5 93.00 129.00 222.00 OK
r-oldrel-osx-x86_64 1.1.5 OK

Additional issues

rchk

Check Details

Version: 1.1.5
Check: compiled code
Result: NOTE
    File ‘deTestSet/libs/deTestSet.so’:
     Found no calls to: ‘R_registerRoutines’, ‘R_useDynamicSymbols’
    
    It is good practice to register native routines and to disable symbol
    search.
    
    See ‘Writing portable packages’ in the ‘Writing R Extensions’ manual.
Flavors: r-devel-linux-x86_64-fedora-clang, r-devel-linux-x86_64-fedora-gcc