CRAN Package Check Results for Package deTestSet

Last updated on 2017-11-21 22:47:51 CET.

Flavor Version Tinstall Tcheck Ttotal Status Flags
r-devel-linux-x86_64-debian-clang 1.1.5 17.38 49.35 66.73 NOTE
r-devel-linux-x86_64-debian-gcc 1.1.5 24.22 100.71 124.93 NOTE
r-devel-linux-x86_64-fedora-clang 1.1.5 118.38 NOTE
r-devel-linux-x86_64-fedora-gcc 1.1.5 121.90 NOTE
r-devel-windows-ix86+x86_64 1.1.5 121.00 140.00 261.00 OK
r-patched-linux-x86_64 1.1.5 17.24 48.04 65.28 NOTE
r-patched-solaris-x86 1.1.5 248.90 OK
r-release-linux-x86_64 1.1.5 17.68 49.09 66.77 NOTE
r-release-windows-ix86+x86_64 1.1.5 74.00 124.00 198.00 OK
r-release-osx-x86_64 1.1.5 OK
r-oldrel-windows-ix86+x86_64 1.1.5 72.00 111.00 183.00 OK
r-oldrel-osx-x86_64 1.1.5 OK

Additional issues

rchk

Check Details

Version: 1.1.5
Check: compiled code
Result: NOTE
    File ‘deTestSet/libs/deTestSet.so’:
     Found no calls to: ‘R_registerRoutines’, ‘R_useDynamicSymbols’
    
    It is good practice to register native routines and to disable symbol
    search.
    
    See ‘Writing portable packages’ in the ‘Writing R Extensions’ manual.
Flavors: r-devel-linux-x86_64-debian-clang, r-devel-linux-x86_64-debian-gcc, r-devel-linux-x86_64-fedora-clang, r-devel-linux-x86_64-fedora-gcc, r-patched-linux-x86_64, r-release-linux-x86_64