CRAN Package Check Results for Package deTestSet

Last updated on 2018-02-23 22:47:52 CET.

Flavor Version Tinstall Tcheck Ttotal Status Flags
r-devel-linux-x86_64-debian-clang 1.1.5 26.80 68.86 95.66 NOTE
r-devel-linux-x86_64-debian-gcc 1.1.5 22.64 52.14 74.78 NOTE
r-devel-linux-x86_64-fedora-clang 1.1.5 122.86 NOTE
r-devel-linux-x86_64-fedora-gcc 1.1.5 121.43 NOTE
r-devel-windows-ix86+x86_64 1.1.5 120.00 130.00 250.00 OK
r-patched-linux-x86_64 1.1.5 25.79 74.51 100.30 NOTE
r-patched-solaris-x86 1.1.5 251.60 OK
r-release-linux-x86_64 1.1.5 24.17 75.00 99.17 NOTE
r-release-windows-ix86+x86_64 1.1.5 74.00 124.00 198.00 OK
r-release-osx-x86_64 1.1.5 OK
r-oldrel-windows-ix86+x86_64 1.1.5 72.00 111.00 183.00 OK
r-oldrel-osx-x86_64 1.1.5 OK

Additional issues

rchk

Check Details

Version: 1.1.5
Check: compiled code
Result: NOTE
    File ‘deTestSet/libs/deTestSet.so’:
     Found no calls to: ‘R_registerRoutines’, ‘R_useDynamicSymbols’
    
    It is good practice to register native routines and to disable symbol
    search.
    
    See ‘Writing portable packages’ in the ‘Writing R Extensions’ manual.
Flavors: r-devel-linux-x86_64-debian-clang, r-devel-linux-x86_64-debian-gcc, r-devel-linux-x86_64-fedora-clang, r-devel-linux-x86_64-fedora-gcc, r-patched-linux-x86_64, r-release-linux-x86_64