CRAN Package Check Results for Package debugme

Last updated on 2021-04-10 22:52:21 CEST.

Flavor Version Tinstall Tcheck Ttotal Status Flags
r-devel-linux-x86_64-debian-clang 1.1.0 2.05 25.70 27.75 NOTE
r-devel-linux-x86_64-debian-gcc 1.1.0 1.66 19.16 20.82 NOTE
r-devel-linux-x86_64-fedora-clang 1.1.0 38.90 NOTE
r-devel-linux-x86_64-fedora-gcc 1.1.0 28.43 NOTE
r-devel-windows-ix86+x86_64 1.1.0 5.00 31.00 36.00 NOTE
r-devel-windows-x86_64-gcc10-UCRT 1.1.0 NOTE
r-patched-linux-x86_64 1.1.0 2.20 23.48 25.68 OK
r-patched-solaris-x86 1.1.0 48.90 OK
r-release-linux-x86_64 1.1.0 2.28 23.28 25.56 OK
r-release-macos-x86_64 1.1.0 OK
r-release-windows-ix86+x86_64 1.1.0 4.00 38.00 42.00 OK
r-oldrel-macos-x86_64 1.1.0 OK
r-oldrel-windows-ix86+x86_64 1.1.0 4.00 29.00 33.00 OK

Check Details

Version: 1.1.0
Check: LazyData
Result: NOTE
     'LazyData' is specified without a 'data' directory
Flavors: r-devel-linux-x86_64-debian-clang, r-devel-linux-x86_64-debian-gcc, r-devel-linux-x86_64-fedora-clang, r-devel-linux-x86_64-fedora-gcc, r-devel-windows-ix86+x86_64, r-devel-windows-x86_64-gcc10-UCRT