Last updated on 2023-12-02 21:39:51 CET.
Flavor | Version | Tinstall | Tcheck | Ttotal | Status | Flags |
---|---|---|---|---|---|---|
r-devel-linux-x86_64-debian-clang | 1.2.2 | 4.92 | 41.49 | 46.41 | OK | |
r-devel-linux-x86_64-debian-gcc | 1.2.2 | 4.18 | 32.58 | 36.76 | OK | |
r-devel-linux-x86_64-fedora-clang | 1.2.2 | 62.09 | NOTE | |||
r-devel-linux-x86_64-fedora-gcc | 1.2.2 | 68.47 | NOTE | |||
r-devel-windows-x86_64 | 1.2.2 | 6.00 | 62.00 | 68.00 | OK | |
r-patched-linux-x86_64 | 1.2.2 | 7.85 | 41.40 | 49.25 | OK | |
r-release-linux-x86_64 | 1.2.2 | 4.44 | 41.47 | 45.91 | OK | |
r-release-macos-arm64 | 1.2.2 | 32.00 | OK | |||
r-release-macos-x86_64 | 1.2.2 | 47.00 | OK | |||
r-release-windows-x86_64 | 1.2.2 | 7.00 | 65.00 | 72.00 | OK | |
r-oldrel-macos-arm64 | 1.2.2 | 26.00 | OK | |||
r-oldrel-macos-x86_64 | 1.2.2 | 32.00 | NOTE | |||
r-oldrel-windows-x86_64 | 1.2.2 | 12.00 | 62.00 | 74.00 | OK |
Version: 1.2.2
Check: data for non-ASCII characters
Result: NOTE
Note: found 1 marked Latin-1 string
Note: found 46826 marked UTF-8 strings
Flavors: r-devel-linux-x86_64-fedora-clang, r-devel-linux-x86_64-fedora-gcc, r-oldrel-macos-x86_64