Last updated on 2024-04-17 22:59:49 CEST.
Flavor | Version | Tinstall | Tcheck | Ttotal | Status | Flags |
---|---|---|---|---|---|---|
r-devel-linux-x86_64-debian-clang | 1.0.4 | 5.09 | 43.88 | 48.97 | NOTE | |
r-devel-linux-x86_64-debian-gcc | 1.0.4 | 3.72 | 31.45 | 35.17 | NOTE | |
r-devel-linux-x86_64-fedora-clang | 1.0.4 | 62.29 | NOTE | |||
r-devel-linux-x86_64-fedora-gcc | 1.0.4 | 56.62 | NOTE | |||
r-prerel-macos-arm64 | 1.0.4 | 21.00 | NOTE | |||
r-prerel-windows-x86_64 | 1.0.4 | 6.00 | 51.00 | 57.00 | NOTE | |
r-patched-linux-x86_64 | 1.0.4 | 5.45 | 41.03 | 46.48 | NOTE | |
r-release-linux-x86_64 | 1.0.4 | 5.82 | 42.20 | 48.02 | NOTE | |
r-release-macos-arm64 | 1.0.4 | 22.00 | NOTE | |||
r-release-macos-x86_64 | 1.0.4 | 30.00 | NOTE | |||
r-release-windows-x86_64 | 1.0.4 | 7.00 | 52.00 | 59.00 | NOTE | |
r-oldrel-macos-arm64 | 1.0.4 | 18.00 | OK | |||
r-oldrel-windows-x86_64 | 1.0.4 | 8.00 | 59.00 | 67.00 | OK |
Version: 1.0.4
Check: package subdirectories
Result: NOTE
Problems with news in ‘NEWS.md’:
No news entries found.
Flavors: r-devel-linux-x86_64-debian-clang, r-devel-linux-x86_64-debian-gcc, r-devel-linux-x86_64-fedora-clang, r-devel-linux-x86_64-fedora-gcc, r-prerel-macos-arm64, r-prerel-windows-x86_64, r-patched-linux-x86_64, r-release-linux-x86_64, r-release-macos-arm64, r-release-macos-x86_64, r-release-windows-x86_64