CRAN Package Check Results for Package deepregression

Last updated on 2024-06-13 22:49:24 CEST.

Flavor Version Tinstall Tcheck Ttotal Status Flags
r-devel-linux-x86_64-debian-clang 1.0.0 20.49 126.38 146.87 NOTE
r-devel-linux-x86_64-debian-gcc 1.0.0 0.50 1.53 2.03 ERROR
r-devel-linux-x86_64-fedora-clang 1.0.0 177.92 NOTE
r-devel-linux-x86_64-fedora-gcc 1.0.0 164.36 NOTE
r-devel-windows-x86_64 1.0.0 15.00 247.00 262.00 NOTE
r-patched-linux-x86_64 1.0.0 19.15 121.12 140.27 NOTE
r-release-linux-x86_64 1.0.0 15.30 119.16 134.46 NOTE
r-release-macos-arm64 1.0.0 49.00 NOTE
r-release-macos-x86_64 1.0.0 77.00 NOTE
r-release-windows-x86_64 1.0.0 15.00 304.00 319.00 NOTE
r-oldrel-macos-arm64 1.0.0 53.00 OK
r-oldrel-macos-x86_64 1.0.0 85.00 OK
r-oldrel-windows-x86_64 1.0.0 20.00 188.00 208.00 OK

Check Details

Version: 1.0.0
Check: Rd files
Result: NOTE checkRd: (-1) dr_families.Rd:36: Lost braces in \itemize; meant \describe ? checkRd: (-1) dr_families.Rd:37: Lost braces in \itemize; meant \describe ? checkRd: (-1) dr_families.Rd:38: Lost braces in \itemize; meant \describe ? checkRd: (-1) dr_families.Rd:39-40: Lost braces in \itemize; meant \describe ? checkRd: (-1) dr_families.Rd:41: Lost braces in \itemize; meant \describe ? checkRd: (-1) dr_families.Rd:42: Lost braces in \itemize; meant \describe ? checkRd: (-1) dr_families.Rd:43: Lost braces in \itemize; meant \describe ? checkRd: (-1) dr_families.Rd:44: Lost braces in \itemize; meant \describe ? checkRd: (-1) dr_families.Rd:45: Lost braces in \itemize; meant \describe ? checkRd: (-1) dr_families.Rd:46: Lost braces in \itemize; meant \describe ? checkRd: (-1) dr_families.Rd:47-49: Lost braces in \itemize; meant \describe ? checkRd: (-1) dr_families.Rd:50: Lost braces in \itemize; meant \describe ? checkRd: (-1) dr_families.Rd:51: Lost braces in \itemize; meant \describe ? checkRd: (-1) dr_families.Rd:52: Lost braces in \itemize; meant \describe ? checkRd: (-1) dr_families.Rd:53: Lost braces in \itemize; meant \describe ? checkRd: (-1) dr_families.Rd:54: Lost braces in \itemize; meant \describe ? checkRd: (-1) dr_families.Rd:55: Lost braces in \itemize; meant \describe ? checkRd: (-1) dr_families.Rd:56-57: Lost braces in \itemize; meant \describe ? checkRd: (-1) dr_families.Rd:58: Lost braces in \itemize; meant \describe ? checkRd: (-1) dr_families.Rd:59-60: Lost braces in \itemize; meant \describe ? checkRd: (-1) dr_families.Rd:61: Lost braces in \itemize; meant \describe ? checkRd: (-1) dr_families.Rd:62: Lost braces in \itemize; meant \describe ? checkRd: (-1) dr_families.Rd:63: Lost braces in \itemize; meant \describe ? checkRd: (-1) dr_families.Rd:64: Lost braces in \itemize; meant \describe ? checkRd: (-1) dr_families.Rd:65-67: Lost braces in \itemize; meant \describe ? checkRd: (-1) dr_families.Rd:68: Lost braces in \itemize; meant \describe ? checkRd: (-1) dr_families.Rd:69: Lost braces in \itemize; meant \describe ? checkRd: (-1) dr_families.Rd:70: Lost braces in \itemize; meant \describe ? checkRd: (-1) dr_families.Rd:71-72: Lost braces in \itemize; meant \describe ? checkRd: (-1) dr_families.Rd:73: Lost braces in \itemize; meant \describe ? checkRd: (-1) dr_families.Rd:74-75: Lost braces in \itemize; meant \describe ? checkRd: (-1) dr_families.Rd:76: Lost braces in \itemize; meant \describe ? Flavors: r-devel-linux-x86_64-debian-clang, r-devel-linux-x86_64-fedora-clang, r-devel-linux-x86_64-fedora-gcc, r-devel-windows-x86_64, r-patched-linux-x86_64, r-release-linux-x86_64, r-release-macos-arm64, r-release-macos-x86_64, r-release-windows-x86_64

Version: 1.0.0
Check: package dependencies
Result: ERROR Packages required but not available: 'tensorflow', 'tfprobability', 'keras', 'dplyr', 'tfruns' Package suggested but not available for checking: ‘testthat’ See section ‘The DESCRIPTION file’ in the ‘Writing R Extensions’ manual. Flavor: r-devel-linux-x86_64-debian-gcc