Last updated on 2023-09-24 22:59:36 CEST.
Flavor | Version | Tinstall | Tcheck | Ttotal | Status | Flags |
---|---|---|---|---|---|---|
r-devel-linux-x86_64-debian-clang | 0.1-1 | 17.75 | 114.78 | 132.53 | OK | |
r-devel-linux-x86_64-debian-gcc | 0.1-1 | 12.74 | 84.73 | 97.47 | OK | |
r-devel-linux-x86_64-fedora-clang | 0.1-1 | 157.14 | OK | |||
r-devel-linux-x86_64-fedora-gcc | 0.1-1 | 260.01 | OK | |||
r-devel-windows-x86_64 | 0.1-1 | 70.00 | 227.00 | 297.00 | OK | |
r-patched-linux-x86_64 | 0.1-1 | 12.17 | 109.89 | 122.06 | OK | |
r-release-linux-x86_64 | 0.1-1 | 17.32 | 109.06 | 126.38 | OK | |
r-release-macos-arm64 | 0.1-1 | 47.00 | OK | |||
r-release-macos-x86_64 | 0.1-1 | 71.00 | NOTE | |||
r-release-windows-x86_64 | 0.1-1 | 43.00 | 166.00 | 209.00 | OK | |
r-oldrel-macos-arm64 | 0.1-1 | 45.00 | OK | |||
r-oldrel-macos-x86_64 | 0.1-1 | 69.00 | OK | |||
r-oldrel-windows-x86_64 | 0.1-1 | 43.00 | 165.00 | 208.00 | OK |
Version: 0.1-1
Check: package dependencies
Result: NOTE
Packages suggested but not available for checking: 'tram', 'cotram'
Flavor: r-release-macos-x86_64
Version: 0.1-1
Check: Rd cross-references
Result: NOTE
Package unavailable to check Rd xrefs: ‘tram’
Flavor: r-release-macos-x86_64