CRAN Package Check Results for Package delayed

Last updated on 2021-04-16 22:50:54 CEST.

Flavor Version Tinstall Tcheck Ttotal Status Flags
r-devel-linux-x86_64-debian-clang 0.3.0 5.98 59.94 65.92 NOTE
r-devel-linux-x86_64-debian-gcc 0.3.0 5.27 44.79 50.06 NOTE
r-devel-linux-x86_64-fedora-clang 0.3.0 87.96 NOTE
r-devel-linux-x86_64-fedora-gcc 0.3.0 75.66 NOTE
r-devel-windows-ix86+x86_64 0.3.0 14.00 83.00 97.00 NOTE
r-devel-windows-x86_64-gcc10-UCRT 0.3.0 NOTE
r-patched-linux-x86_64 0.3.0 6.72 55.61 62.33 OK
r-patched-solaris-x86 0.3.0 114.10 WARN
r-release-linux-x86_64 0.3.0 5.24 56.81 62.05 OK
r-release-macos-x86_64 0.3.0 WARN
r-release-windows-ix86+x86_64 0.3.0 21.00 85.00 106.00 OK
r-oldrel-macos-x86_64 0.3.0 WARN
r-oldrel-windows-ix86+x86_64 0.3.0 9.00 81.00 90.00 OK

Check Details

Version: 0.3.0
Check: LazyData
Result: NOTE
     'LazyData' is specified without a 'data' directory
Flavors: r-devel-linux-x86_64-debian-clang, r-devel-linux-x86_64-debian-gcc, r-devel-linux-x86_64-fedora-clang, r-devel-linux-x86_64-fedora-gcc, r-devel-windows-ix86+x86_64, r-devel-windows-x86_64-gcc10-UCRT

Version: 0.3.0
Check: dependencies in R code
Result: NOTE
    Namespace in Imports field not imported from: ‘assertthat’
     All declared Imports should be used.
Flavors: r-devel-linux-x86_64-fedora-clang, r-devel-linux-x86_64-fedora-gcc, r-devel-windows-x86_64-gcc10-UCRT, r-patched-solaris-x86, r-release-macos-x86_64, r-oldrel-macos-x86_64

Version: 0.3.0
Check: re-building of vignette outputs
Result: WARN
    Error(s) in re-building vignettes:
     ...
    --- re-building ‘delayed.Rmd’ using rmarkdown
    Warning in engine$weave(file, quiet = quiet, encoding = enc) :
     Pandoc (>= 1.12.3) and/or pandoc-citeproc not available. Falling back to R Markdown v1.
    Quitting from lines 97-98 (delayed.Rmd)
    Error: processing vignette 'delayed.Rmd' failed with diagnostics:
    there is no package called 'webshot'
    --- failed re-building ‘delayed.Rmd’
    
    SUMMARY: processing the following file failed:
     ‘delayed.Rmd’
    
    Error: Vignette re-building failed.
    Execution halted
Flavor: r-patched-solaris-x86

Version: 0.3.0
Check: re-building of vignette outputs
Result: WARN
    Error(s) in re-building vignettes:
     ...
    --- re-building ‘delayed.Rmd’ using rmarkdown
    Warning in engine$weave(file, quiet = quiet, encoding = enc) :
     Pandoc (>= 1.12.3) and/or pandoc-citeproc not available. Falling back to R Markdown v1.
    Quitting from lines 97-98 (delayed.Rmd)
    Error: processing vignette 'delayed.Rmd' failed with diagnostics:
    cannot open the connection
    --- failed re-building ‘delayed.Rmd’
    
    SUMMARY: processing the following file failed:
     ‘delayed.Rmd’
    
    Error: Vignette re-building failed.
    Execution halted
Flavors: r-release-macos-x86_64, r-oldrel-macos-x86_64