CRAN Package Check Results for Package denseFLMM

Last updated on 2020-07-11 22:49:59 CEST.

Flavor Version Tinstall Tcheck Ttotal Status Flags
r-devel-linux-x86_64-debian-clang 0.1.2 8.01 58.91 66.92 OK
r-devel-linux-x86_64-debian-gcc 0.1.2 6.44 46.67 53.11 OK
r-devel-linux-x86_64-fedora-gcc 0.1.2 81.91 NOTE
r-devel-windows-ix86+x86_64 0.1.2 16.00 94.00 110.00 OK
r-patched-linux-x86_64 0.1.2 7.48 58.47 65.95 OK
r-patched-solaris-x86 0.1.2 118.10 NOTE
r-release-linux-x86_64 0.1.2 7.51 58.19 65.70 OK
r-release-macos-x86_64 0.1.2 NOTE
r-release-windows-ix86+x86_64 0.1.2 23.00 72.00 95.00 OK
r-oldrel-macos-x86_64 0.1.2 NOTE
r-oldrel-windows-ix86+x86_64 0.1.2 18.00 86.00 104.00 OK

Check Details

Version: 0.1.2
Check: dependencies in R code
Result: NOTE
    Namespace in Imports field not imported from: ‘mvtnorm’
     All declared Imports should be used.
Flavors: r-devel-linux-x86_64-fedora-gcc, r-patched-solaris-x86, r-release-macos-x86_64, r-oldrel-macos-x86_64