CRAN Package Check Results for Package denseFLMM

Last updated on 2019-06-15 22:58:38 CEST.

Flavor Version Tinstall Tcheck Ttotal Status Flags
r-devel-linux-x86_64-debian-clang 0.1.2 7.20 53.29 60.49 OK
r-devel-linux-x86_64-debian-gcc 0.1.2 5.73 42.74 48.47 OK
r-devel-linux-x86_64-fedora-clang 0.1.2 71.72 NOTE
r-devel-linux-x86_64-fedora-gcc 0.1.2 69.23 NOTE
r-devel-windows-ix86+x86_64 0.1.2 16.00 66.00 82.00 OK
r-patched-linux-x86_64 0.1.2 6.53 52.74 59.27 OK
r-patched-solaris-x86 0.1.2 114.20 NOTE
r-release-linux-x86_64 0.1.2 5.59 53.14 58.73 OK
r-release-windows-ix86+x86_64 0.1.2 13.00 95.00 108.00 OK
r-release-osx-x86_64 0.1.2 NOTE
r-oldrel-windows-ix86+x86_64 0.1.2 7.00 85.00 92.00 OK
r-oldrel-osx-x86_64 0.1.2 NOTE

Check Details

Version: 0.1.2
Check: dependencies in R code
Result: NOTE
    Namespace in Imports field not imported from: ‘mvtnorm’
     All declared Imports should be used.
Flavors: r-devel-linux-x86_64-fedora-clang, r-devel-linux-x86_64-fedora-gcc, r-patched-solaris-x86, r-release-osx-x86_64, r-oldrel-osx-x86_64