CRAN Package Check Results for Package depmix

Last updated on 2017-11-21 22:47:50 CET.

Flavor Version Tinstall Tcheck Ttotal Status Flags
r-devel-linux-x86_64-debian-clang 0.9.14 3.41 23.20 26.61 NOTE
r-devel-linux-x86_64-debian-gcc 0.9.14 3.22 57.42 60.64 NOTE
r-devel-linux-x86_64-fedora-clang 0.9.14 46.24 NOTE
r-devel-linux-x86_64-fedora-gcc 0.9.14 45.04 NOTE
r-devel-windows-ix86+x86_64 0.9.14 26.00 56.00 82.00 NOTE
r-patched-linux-x86_64 0.9.14 3.18 23.67 26.85 NOTE
r-patched-solaris-x86 0.9.14 60.70 NOTE
r-release-linux-x86_64 0.9.14 3.06 24.50 27.56 NOTE
r-release-windows-ix86+x86_64 0.9.14 15.00 52.00 67.00 NOTE
r-release-osx-x86_64 0.9.14 NOTE
r-oldrel-windows-ix86+x86_64 0.9.14 19.00 61.00 80.00 NOTE
r-oldrel-osx-x86_64 0.9.14 NOTE

Check Details

Version: 0.9.14
Check: package dependencies
Result: NOTE
    Package suggested but not available for checking: ‘Rdonlp2’
Flavors: r-devel-linux-x86_64-debian-clang, r-devel-linux-x86_64-debian-gcc, r-devel-linux-x86_64-fedora-clang, r-devel-linux-x86_64-fedora-gcc, r-devel-windows-ix86+x86_64, r-patched-linux-x86_64, r-patched-solaris-x86, r-release-linux-x86_64, r-release-windows-ix86+x86_64, r-release-osx-x86_64, r-oldrel-windows-ix86+x86_64, r-oldrel-osx-x86_64

Version: 0.9.14
Check: compiled code
Result: NOTE
    File ‘depmix/libs/depmix.so’:
     Found no calls to: ‘R_registerRoutines’, ‘R_useDynamicSymbols’
    
    It is good practice to register native routines and to disable symbol
    search.
    
    See ‘Writing portable packages’ in the ‘Writing R Extensions’ manual.
Flavors: r-devel-linux-x86_64-debian-clang, r-devel-linux-x86_64-debian-gcc, r-devel-linux-x86_64-fedora-clang, r-devel-linux-x86_64-fedora-gcc, r-patched-linux-x86_64, r-release-linux-x86_64