CRAN Package Check Results for Package depmix

Last updated on 2018-09-23 22:46:53 CEST.

Flavor Version Tinstall Tcheck Ttotal Status Flags
r-devel-linux-x86_64-debian-clang 0.9.14 8.84 34.17 43.01 NOTE
r-devel-linux-x86_64-debian-gcc 0.9.14 6.84 27.05 33.89 NOTE
r-devel-linux-x86_64-fedora-clang 0.9.14 51.39 NOTE
r-devel-linux-x86_64-fedora-gcc 0.9.14 48.23 NOTE
r-devel-windows-ix86+x86_64 0.9.14 31.00 57.00 88.00 NOTE
r-patched-linux-x86_64 0.9.14 7.62 31.95 39.57 NOTE
r-patched-solaris-x86 0.9.14 68.30 NOTE
r-release-linux-x86_64 0.9.14 7.55 32.18 39.73 NOTE
r-release-windows-ix86+x86_64 0.9.14 20.00 73.00 93.00 NOTE
r-release-osx-x86_64 0.9.14 NOTE
r-oldrel-windows-ix86+x86_64 0.9.14 17.00 83.00 100.00 NOTE
r-oldrel-osx-x86_64 0.9.14 NOTE

Check Details

Version: 0.9.14
Check: package dependencies
Result: NOTE
    Package suggested but not available for checking: ‘Rdonlp2’
Flavors: r-devel-linux-x86_64-debian-clang, r-devel-linux-x86_64-debian-gcc, r-devel-linux-x86_64-fedora-clang, r-devel-linux-x86_64-fedora-gcc, r-devel-windows-ix86+x86_64, r-patched-linux-x86_64, r-patched-solaris-x86, r-release-linux-x86_64, r-release-windows-ix86+x86_64, r-release-osx-x86_64, r-oldrel-windows-ix86+x86_64, r-oldrel-osx-x86_64

Version: 0.9.14
Check: compiled code
Result: NOTE
    File ‘depmix/libs/depmix.so’:
     Found no calls to: ‘R_registerRoutines’, ‘R_useDynamicSymbols’
    
    It is good practice to register native routines and to disable symbol
    search.
    
    See ‘Writing portable packages’ in the ‘Writing R Extensions’ manual.
Flavors: r-devel-linux-x86_64-fedora-clang, r-devel-linux-x86_64-fedora-gcc