CRAN Package Check Results for Package depmixS4

Last updated on 2017-11-23 22:46:39 CET.

Flavor Version Tinstall Tcheck Ttotal Status Flags
r-devel-linux-x86_64-debian-clang 1.3-3 1.94 94.01 95.95 NOTE
r-devel-linux-x86_64-debian-gcc 1.3-3 2.36 116.29 118.65 NOTE
r-devel-linux-x86_64-fedora-clang 1.3-3 105.96 NOTE
r-devel-linux-x86_64-fedora-gcc 1.3-3 103.85 NOTE
r-devel-windows-ix86+x86_64 1.3-3 10.00 171.00 181.00 NOTE
r-patched-linux-x86_64 1.3-3 3.22 130.43 133.65 NOTE
r-patched-solaris-x86 1.3-3 134.90 NOTE
r-release-linux-x86_64 1.3-3 2.07 55.73 57.80 NOTE
r-release-windows-ix86+x86_64 1.3-3 8.00 124.00 132.00 NOTE
r-release-osx-x86_64 1.3-3 NOTE
r-oldrel-windows-ix86+x86_64 1.3-3 10.00 174.00 184.00 NOTE
r-oldrel-osx-x86_64 1.3-3 NOTE

Check Details

Version: 1.3-3
Check: package dependencies
Result: NOTE
    Package suggested but not available for checking: ‘Rdonlp2’
Flavors: r-devel-linux-x86_64-debian-clang, r-devel-linux-x86_64-debian-gcc, r-devel-linux-x86_64-fedora-clang, r-devel-linux-x86_64-fedora-gcc, r-devel-windows-ix86+x86_64, r-patched-linux-x86_64, r-patched-solaris-x86, r-release-linux-x86_64, r-release-windows-ix86+x86_64, r-release-osx-x86_64, r-oldrel-windows-ix86+x86_64, r-oldrel-osx-x86_64

Version: 1.3-3
Check: compiled code
Result: NOTE
    File ‘depmixS4/libs/depmixS4.so’:
     Found no calls to: ‘R_registerRoutines’, ‘R_useDynamicSymbols’
    
    It is good practice to register native routines and to disable symbol
    search.
    
    See ‘Writing portable packages’ in the ‘Writing R Extensions’ manual.
Flavors: r-devel-linux-x86_64-debian-clang, r-devel-linux-x86_64-debian-gcc, r-devel-linux-x86_64-fedora-clang, r-devel-linux-x86_64-fedora-gcc, r-patched-linux-x86_64, r-release-linux-x86_64