CRAN Package Check Results for Package describedata

Last updated on 2023-02-06 21:54:42 CET.

Flavor Version Tinstall Tcheck Ttotal Status Flags
r-devel-linux-x86_64-debian-clang 0.1.0 7.69 87.23 94.92 NOTE
r-devel-linux-x86_64-debian-gcc 0.1.0 5.10 64.12 69.22 NOTE
r-devel-linux-x86_64-fedora-clang 0.1.0 116.80 NOTE
r-devel-linux-x86_64-fedora-gcc 0.1.0 109.07 NOTE
r-devel-windows-x86_64 0.1.0 22.00 113.00 135.00 NOTE
r-patched-linux-x86_64 0.1.0 4.98 81.20 86.18 NOTE
r-release-linux-x86_64 0.1.0 5.02 81.52 86.54 NOTE
r-release-macos-arm64 0.1.0 32.00 NOTE
r-release-macos-x86_64 0.1.0 51.00 NOTE
r-release-windows-x86_64 0.1.0 28.00 120.00 148.00 NOTE
r-oldrel-macos-arm64 0.1.0 37.00 NOTE
r-oldrel-macos-x86_64 0.1.0 56.00 NOTE
r-oldrel-windows-ix86+x86_64 0.1.0 17.00 111.00 128.00 NOTE

Check Details

Version: 0.1.0
Check: LazyData
Result: NOTE
     'LazyData' is specified without a 'data' directory
Flavors: r-devel-linux-x86_64-debian-clang, r-devel-linux-x86_64-debian-gcc, r-devel-linux-x86_64-fedora-clang, r-devel-linux-x86_64-fedora-gcc, r-devel-windows-x86_64, r-patched-linux-x86_64, r-release-linux-x86_64, r-release-macos-arm64, r-release-macos-x86_64, r-release-windows-x86_64, r-oldrel-macos-arm64, r-oldrel-macos-x86_64, r-oldrel-windows-ix86+x86_64