Last updated on 2023-12-05 23:05:18 CET.
Flavor | Version | Tinstall | Tcheck | Ttotal | Status | Flags |
---|---|---|---|---|---|---|
r-devel-linux-x86_64-debian-clang | 1.2 | 8.18 | 84.93 | 93.11 | NOTE | |
r-devel-linux-x86_64-debian-gcc | 1.2 | 5.49 | 62.73 | 68.22 | NOTE | |
r-devel-linux-x86_64-fedora-clang | 1.2 | 117.32 | NOTE | |||
r-devel-linux-x86_64-fedora-gcc | 1.2 | 112.06 | OK | |||
r-devel-windows-x86_64 | 1.2 | 8.00 | 85.00 | 93.00 | OK | |
r-patched-linux-x86_64 | 1.2 | 6.80 | 83.37 | 90.17 | OK | |
r-release-linux-x86_64 | 1.2 | 7.81 | 79.41 | 87.22 | OK | |
r-release-macos-arm64 | 1.2 | 35.00 | OK | |||
r-release-macos-x86_64 | 1.2 | 75.00 | OK | |||
r-release-windows-x86_64 | 1.2 | 10.00 | 96.00 | 106.00 | OK | |
r-oldrel-macos-arm64 | 1.2 | 35.00 | OK | |||
r-oldrel-macos-x86_64 | 1.2 | 52.00 | OK | |||
r-oldrel-windows-x86_64 | 1.2 | 10.00 | 100.00 | 110.00 | OK |
Version: 1.2
Check: Rd files
Result: NOTE
checkRd: (-1) weighted.cor2.Rd:7: Lost braces; missing escapes or markup?
7 | Computes a matrix of weighted correlations between the columns of \code{x} and the columns of {y}. This can be Pearson, Spearman or Kendall correlation.
| ^
checkRd: (-1) weighted.cov2.Rd:7: Lost braces; missing escapes or markup?
7 | Computes a matrix of weighted covariances between the columns of \code{x} and the columns of {y}.
| ^
Flavors: r-devel-linux-x86_64-debian-clang, r-devel-linux-x86_64-debian-gcc
Version: 1.2
Check: Rd cross-references
Result: NOTE
Undeclared packages ‘FactoMineR’, ‘vcd’ in Rd xrefs
Flavor: r-devel-linux-x86_64-fedora-clang