Last updated on 2023-12-02 21:39:51 CET.
Flavor | Version | Tinstall | Tcheck | Ttotal | Status | Flags |
---|---|---|---|---|---|---|
r-devel-linux-x86_64-debian-clang | 0.5.4 | 7.90 | 55.38 | 63.28 | NOTE | |
r-devel-linux-x86_64-debian-gcc | 0.5.4 | 5.53 | 41.76 | 47.29 | NOTE | |
r-devel-linux-x86_64-fedora-clang | 0.5.4 | 82.80 | NOTE | |||
r-devel-linux-x86_64-fedora-gcc | 0.5.4 | 78.27 | NOTE | |||
r-devel-windows-x86_64 | 0.5.4 | 7.00 | 63.00 | 70.00 | NOTE | |
r-patched-linux-x86_64 | 0.5.4 | 6.45 | 54.81 | 61.26 | NOTE | |
r-release-linux-x86_64 | 0.5.4 | 6.65 | 53.66 | 60.31 | NOTE | |
r-release-macos-arm64 | 0.5.4 | 29.00 | NOTE | |||
r-release-macos-x86_64 | 0.5.4 | 55.00 | NOTE | |||
r-release-windows-x86_64 | 0.5.4 | 9.00 | 69.00 | 78.00 | NOTE | |
r-oldrel-macos-arm64 | 0.5.4 | 27.00 | NOTE | |||
r-oldrel-macos-x86_64 | 0.5.4 | 41.00 | NOTE | |||
r-oldrel-windows-x86_64 | 0.5.4 | 9.00 | 72.00 | 81.00 | NOTE |
Version: 0.5.4
Check: package dependencies
Result: NOTE
Package which this enhances but not available for checking: ‘gurobi’
Flavors: r-devel-linux-x86_64-debian-clang, r-devel-linux-x86_64-debian-gcc, r-patched-linux-x86_64, r-release-linux-x86_64
Version: 0.5.4
Check: package dependencies
Result: NOTE
Packages which this enhances but not available for checking:
'gurobi', 'Rcplex'
Flavors: r-devel-linux-x86_64-fedora-clang, r-devel-linux-x86_64-fedora-gcc, r-devel-windows-x86_64, r-release-macos-arm64, r-release-macos-x86_64, r-release-windows-x86_64, r-oldrel-macos-arm64, r-oldrel-macos-x86_64, r-oldrel-windows-x86_64