CRAN Package Check Results for Package detectRUNS

Last updated on 2019-12-11 22:51:05 CET.

Flavor Version Tinstall Tcheck Ttotal Status Flags
r-devel-linux-x86_64-debian-clang 0.9.6 27.47 81.09 108.56 OK
r-devel-linux-x86_64-debian-gcc 0.9.6 21.21 62.68 83.89 OK
r-devel-linux-x86_64-fedora-clang 0.9.6 135.87 NOTE
r-devel-linux-x86_64-fedora-gcc 0.9.6 131.74 OK
r-devel-windows-ix86+x86_64 0.9.6 55.00 187.00 242.00 OK
r-devel-windows-ix86+x86_64-gcc8 0.9.6 67.00 209.00 276.00 NOTE
r-patched-linux-x86_64 0.9.6 24.38 72.69 97.07 OK
r-patched-solaris-x86 0.9.6 154.90 OK
r-release-linux-x86_64 0.9.6 24.68 72.23 96.91 OK
r-release-windows-ix86+x86_64 0.9.6 58.00 130.00 188.00 OK
r-release-osx-x86_64 0.9.6 NOTE
r-oldrel-windows-ix86+x86_64 0.9.6 54.00 131.00 185.00 OK
r-oldrel-osx-x86_64 0.9.6 NOTE

Check Details

Version: 0.9.6
Check: installed package size
Result: NOTE
     installed size is 5.2Mb
     sub-directories of 1Mb or more:
     extdata 2.1Mb
     libs 2.2Mb
Flavors: r-devel-linux-x86_64-fedora-clang, r-devel-windows-ix86+x86_64-gcc8, r-release-osx-x86_64, r-oldrel-osx-x86_64