Last updated on 2023-06-07 22:02:40 CEST.
Flavor | Version | Tinstall | Tcheck | Ttotal | Status | Flags |
---|---|---|---|---|---|---|
r-devel-linux-x86_64-debian-clang | 1.2.2 | 110.20 | 265.50 | 375.70 | NOTE | |
r-devel-linux-x86_64-debian-gcc | 1.2.2 | 82.69 | 185.00 | 267.69 | NOTE | |
r-devel-linux-x86_64-fedora-clang | 1.2.2 | 477.66 | NOTE | |||
r-devel-linux-x86_64-fedora-gcc | 1.2.2 | 468.44 | NOTE | |||
r-devel-windows-x86_64 | 1.2.2 | 85.00 | 229.00 | 314.00 | NOTE | |
r-patched-linux-x86_64 | 1.2.2 | 84.29 | 235.92 | 320.21 | NOTE | |
r-release-linux-x86_64 | 1.2.2 | 97.78 | 234.39 | 332.17 | NOTE | |
r-release-macos-arm64 | 1.2.2 | 136.00 | NOTE | |||
r-release-macos-x86_64 | 1.2.2 | 233.00 | NOTE | |||
r-release-windows-x86_64 | 1.2.2 | 109.00 | 271.00 | 380.00 | NOTE | |
r-oldrel-macos-arm64 | 1.2.2 | 118.00 | NOTE | |||
r-oldrel-macos-x86_64 | 1.2.2 | 150.00 | NOTE | |||
r-oldrel-windows-x86_64 | 1.2.2 | 109.00 | 263.00 | 372.00 | OK |
Version: 1.2.2
Check: C++ specification
Result: NOTE
Specified C++11: please drop specification unless essential
Flavors: r-devel-linux-x86_64-debian-clang, r-devel-linux-x86_64-debian-gcc, r-devel-linux-x86_64-fedora-clang, r-devel-linux-x86_64-fedora-gcc, r-devel-windows-x86_64, r-patched-linux-x86_64, r-release-linux-x86_64, r-release-macos-arm64, r-release-macos-x86_64, r-release-windows-x86_64
Version: 1.2.2
Check: installed package size
Result: NOTE
installed size is 9.2Mb
sub-directories of 1Mb or more:
doc 1.1Mb
libs 7.3Mb
Flavors: r-release-macos-arm64, r-release-macos-x86_64, r-oldrel-macos-arm64, r-oldrel-macos-x86_64