Last updated on 2023-10-01 23:03:43 CEST.
Flavor | Version | Tinstall | Tcheck | Ttotal | Status | Flags |
---|---|---|---|---|---|---|
r-devel-linux-x86_64-debian-clang | 0.9.3 | 60.78 | 202.11 | 262.89 | NOTE | |
r-devel-linux-x86_64-debian-gcc | 0.9.3 | 45.69 | 141.51 | 187.20 | NOTE | |
r-devel-linux-x86_64-fedora-clang | 0.9.3 | 325.36 | NOTE | |||
r-devel-linux-x86_64-fedora-gcc | 0.9.3 | 336.83 | NOTE | |||
r-devel-windows-x86_64 | 0.9.3 | 50.00 | 171.00 | 221.00 | NOTE | |
r-patched-linux-x86_64 | 0.9.3 | 48.33 | 183.74 | 232.07 | NOTE | |
r-release-linux-x86_64 | 0.9.3 | 46.08 | 185.04 | 231.12 | NOTE | |
r-release-macos-arm64 | 0.9.3 | 96.00 | NOTE | |||
r-release-macos-x86_64 | 0.9.3 | 170.00 | NOTE | |||
r-release-windows-x86_64 | 0.9.3 | 66.00 | 205.00 | 271.00 | NOTE | |
r-oldrel-macos-arm64 | 0.9.3 | 79.00 | OK | |||
r-oldrel-macos-x86_64 | 0.9.3 | 128.00 | OK | |||
r-oldrel-windows-x86_64 | 0.9.3 | 63.00 | 200.00 | 263.00 | OK |
Version: 0.9.3
Check: C++ specification
Result: NOTE
Specified C++11: please drop specification unless essential
Flavors: r-devel-linux-x86_64-debian-clang, r-devel-linux-x86_64-debian-gcc, r-devel-linux-x86_64-fedora-clang, r-devel-linux-x86_64-fedora-gcc, r-devel-windows-x86_64, r-patched-linux-x86_64, r-release-linux-x86_64, r-release-macos-arm64, r-release-macos-x86_64, r-release-windows-x86_64