Last updated on 2024-03-27 22:57:43 CET.
Flavor | Version | Tinstall | Tcheck | Ttotal | Status | Flags |
---|---|---|---|---|---|---|
r-devel-linux-x86_64-debian-clang | 0.2.6 | 20.68 | 112.05 | 132.73 | OK | |
r-devel-linux-x86_64-debian-gcc | 0.2.6 | 11.45 | 83.54 | 94.99 | OK | |
r-devel-linux-x86_64-fedora-clang | 0.2.6 | 183.15 | NOTE | |||
r-devel-linux-x86_64-fedora-gcc | 0.2.6 | 175.63 | OK | |||
r-devel-windows-x86_64 | 0.2.6 | 16.00 | 92.00 | 108.00 | OK | |
r-patched-linux-x86_64 | 0.2.6 | 16.80 | 108.63 | 125.43 | OK | |
r-release-linux-x86_64 | 0.2.6 | 10.99 | 107.76 | 118.75 | OK | |
r-release-macos-arm64 | 0.2.6 | 51.00 | OK | |||
r-release-macos-x86_64 | 0.2.6 | 90.00 | NOTE | |||
r-release-windows-x86_64 | 0.2.6 | 20.00 | 106.00 | 126.00 | OK | |
r-oldrel-macos-arm64 | 0.2.6 | 41.00 | OK | |||
r-oldrel-windows-x86_64 | 0.2.6 | 23.00 | 115.00 | 138.00 | OK |
Version: 0.2.6
Check: package dependencies
Result: NOTE
Imports includes 22 non-default packages.
Importing from so many packages makes the package vulnerable to any of
them becoming unavailable. Move as many as possible to Suggests and
use conditionally.
Flavor: r-devel-linux-x86_64-fedora-clang
Version: 0.2.6
Check: package dependencies
Result: NOTE
Packages suggested but not available for checking: 'psych', 'sirt'
Flavor: r-release-macos-x86_64