Last updated on 2021-03-04 22:53:56 CET.
Flavor | Version | Tinstall | Tcheck | Ttotal | Status | Flags |
---|---|---|---|---|---|---|
r-devel-linux-x86_64-debian-clang | 0.2.2 | 14.84 | 95.05 | 109.89 | OK | |
r-devel-linux-x86_64-debian-gcc | 0.2.2 | 11.74 | 69.05 | 80.79 | OK | |
r-devel-linux-x86_64-fedora-clang | 0.2.2 | 139.26 | NOTE | |||
r-devel-linux-x86_64-fedora-gcc | 0.2.2 | 123.89 | OK | |||
r-devel-windows-ix86+x86_64 | 0.2.2 | 32.00 | 118.00 | 150.00 | OK | |
r-patched-linux-x86_64 | 0.2.2 | OK | ||||
r-patched-solaris-x86 | 0.2.2 | 173.50 | OK | |||
r-release-linux-x86_64 | 0.2.2 | 14.86 | 85.39 | 100.25 | OK | |
r-release-macos-x86_64 | 0.2.2 | OK | ||||
r-release-windows-ix86+x86_64 | 0.2.2 | 22.00 | 87.00 | 109.00 | OK | |
r-oldrel-macos-x86_64 | 0.2.2 | OK | ||||
r-oldrel-windows-ix86+x86_64 | 0.2.2 | 26.00 | 98.00 | 124.00 | OK |
Version: 0.2.2
Check: package dependencies
Result: NOTE
Imports includes 22 non-default packages.
Importing from so many packages makes the package vulnerable to any of
them becoming unavailable. Move as many as possible to Suggests and
use conditionally.
Flavor: r-devel-linux-x86_64-fedora-clang