Last updated on 2023-03-21 22:56:05 CET.
Flavor | Version | Tinstall | Tcheck | Ttotal | Status | Flags |
---|---|---|---|---|---|---|
r-devel-linux-x86_64-debian-clang | 0.2.6 | 18.42 | 113.32 | 131.74 | OK | |
r-devel-linux-x86_64-debian-gcc | 0.2.6 | 12.44 | 82.22 | 94.66 | OK | |
r-devel-linux-x86_64-fedora-clang | 0.2.6 | 166.02 | NOTE | |||
r-devel-linux-x86_64-fedora-gcc | 0.2.6 | 158.04 | OK | |||
r-devel-windows-x86_64 | 0.2.6 | 40.00 | 128.00 | 168.00 | OK | |
r-patched-linux-x86_64 | 0.2.6 | 15.18 | 106.35 | 121.53 | OK | |
r-release-linux-x86_64 | 0.2.6 | 12.14 | 105.53 | 117.67 | OK | |
r-release-macos-arm64 | 0.2.6 | 41.00 | OK | |||
r-release-macos-x86_64 | 0.2.6 | 62.00 | OK | |||
r-release-windows-x86_64 | 0.2.6 | 46.00 | 135.00 | 181.00 | OK | |
r-oldrel-macos-arm64 | 0.2.6 | 40.00 | OK | |||
r-oldrel-macos-x86_64 | 0.2.6 | 58.00 | OK | |||
r-oldrel-windows-ix86+x86_64 | 0.2.6 | 41.00 | 135.00 | 176.00 | OK |
Version: 0.2.6
Check: package dependencies
Result: NOTE
Imports includes 22 non-default packages.
Importing from so many packages makes the package vulnerable to any of
them becoming unavailable. Move as many as possible to Suggests and
use conditionally.
Flavor: r-devel-linux-x86_64-fedora-clang