Last updated on 2023-12-08 21:58:27 CET.
Flavor | Version | Tinstall | Tcheck | Ttotal | Status | Flags |
---|---|---|---|---|---|---|
r-devel-linux-x86_64-debian-clang | 1.7-3 | 29.70 | 27.20 | 56.90 | NOTE | |
r-devel-linux-x86_64-debian-gcc | 1.7-3 | 21.59 | 20.48 | 42.07 | NOTE | |
r-devel-linux-x86_64-fedora-clang | 1.7-3 | 80.51 | NOTE | |||
r-devel-linux-x86_64-fedora-gcc | 1.7-3 | 76.73 | NOTE | |||
r-devel-windows-x86_64 | 1.7-3 | 30.00 | 63.00 | 93.00 | NOTE | |
r-patched-linux-x86_64 | 1.7-3 | 24.26 | 26.80 | 51.06 | NOTE | |
r-release-linux-x86_64 | 1.7-3 | 23.10 | 26.56 | 49.66 | NOTE | |
r-release-macos-arm64 | 1.7-3 | 35.00 | NOTE | |||
r-release-macos-x86_64 | 1.7-3 | 45.00 | NOTE | |||
r-release-windows-x86_64 | 1.7-3 | 36.00 | 66.00 | 102.00 | NOTE | |
r-oldrel-macos-arm64 | 1.7-3 | 28.00 | OK | |||
r-oldrel-macos-x86_64 | 1.7-3 | 35.00 | OK | |||
r-oldrel-windows-x86_64 | 1.7-3 | 26.00 | 65.00 | 91.00 | OK |
Version: 1.7-3
Check: C++ specification
Result: NOTE
Specified C++11: please drop specification unless essential
Flavors: r-devel-linux-x86_64-debian-clang, r-devel-linux-x86_64-debian-gcc, r-devel-linux-x86_64-fedora-clang, r-devel-linux-x86_64-fedora-gcc, r-devel-windows-x86_64, r-patched-linux-x86_64, r-release-linux-x86_64, r-release-macos-arm64, r-release-macos-x86_64, r-release-windows-x86_64
Version: 1.7-3
Check: Rd files
Result: NOTE
checkRd: (-1) mtaBin_next.Rd:27: Lost braces
27 | \item{s_1}{A function depending on the number of patients included used for adaptive randomization in plateau determination, only used if the estimation method chosen is "MTA-RA". The default function is function(n_cur,n){0.2}.}
| ^
checkRd: (-1) mtaBin_sim.Rd:30: Lost braces
30 | \item{s_1}{A function depending on the number of patients included used for adaptive randomization in plateau determination, only used if the estimation method chosen is "MTA-RA". The default function is function(n_cur){0.2}.}
| ^
Flavors: r-devel-linux-x86_64-debian-clang, r-devel-linux-x86_64-debian-gcc