Last updated on 2024-05-03 22:53:10 CEST.
Flavor | Version | Tinstall | Tcheck | Ttotal | Status | Flags |
---|---|---|---|---|---|---|
r-devel-linux-x86_64-debian-clang | 1.0 | 3.11 | 34.32 | 37.43 | OK | |
r-devel-linux-x86_64-fedora-clang | 1.0 | 49.46 | NOTE | |||
r-devel-linux-x86_64-fedora-gcc | 1.0 | 58.36 | NOTE | |||
r-devel-windows-x86_64 | 1.0 | 3.00 | 51.00 | 54.00 | OK | |
r-patched-linux-x86_64 | 1.0 | 3.00 | 33.90 | 36.90 | OK | |
r-release-linux-x86_64 | 1.0 | 2.83 | 33.94 | 36.77 | OK | |
r-release-macos-arm64 | 1.0 | 25.00 | OK | |||
r-release-windows-x86_64 | 1.0 | 3.00 | 50.00 | 53.00 | OK | |
r-oldrel-macos-arm64 | 1.0 | 39.00 | OK | |||
r-oldrel-macos-x86_64 | 1.0 | 68.00 | OK | |||
r-oldrel-windows-x86_64 | 1.0 | 4.00 | 50.00 | 54.00 | OK |
Version: 1.0
Check: data for non-ASCII characters
Result: NOTE
Note: found 1 marked UTF-8 string
Flavors: r-devel-linux-x86_64-fedora-clang, r-devel-linux-x86_64-fedora-gcc