CRAN Package Check Results for Package diceR

Last updated on 2021-04-20 22:52:54 CEST.

Flavor Version Tinstall Tcheck Ttotal Status Flags
r-devel-linux-x86_64-debian-clang 1.0.2 31.32 197.55 228.87 ERROR
r-devel-linux-x86_64-debian-gcc 1.0.3 20.09 143.77 163.86 OK
r-devel-linux-x86_64-fedora-clang 1.0.3 275.44 OK
r-devel-linux-x86_64-fedora-gcc 1.0.3 270.10 OK
r-devel-windows-ix86+x86_64 1.0.3 71.00 490.00 561.00 OK
r-devel-windows-x86_64-gcc10-UCRT 1.0.3 OK
r-patched-linux-x86_64 1.0.3 26.41 192.18 218.59 OK
r-patched-solaris-x86 1.0.3 393.40 OK
r-release-linux-x86_64 1.0.3 26.85 194.56 221.41 OK
r-release-macos-x86_64 1.0.3 OK
r-release-windows-ix86+x86_64 1.0.3 70.00 495.00 565.00 OK
r-oldrel-macos-x86_64 1.0.3 OK
r-oldrel-windows-ix86+x86_64 1.0.3 55.00 372.00 427.00 OK

Check Details

Version: 1.0.2
Check: package dependencies
Result: NOTE
    Package suggested but not available for checking: 'blockcluster'
Flavor: r-devel-linux-x86_64-debian-clang

Version: 1.0.2
Check: tests
Result: ERROR
     Running 'testthat.R' [108s/119s]
    Running the tests in 'tests/testthat.R' failed.
    Complete output:
     > library(testthat)
     > library(diceR)
     >
     > test_check("diceR")
     Selecting k and imputing non-clustered cases
     Computing consensus functions
     Evaluating output with consensus function results
     Diverse Cluster Ensemble Completed
     Selecting k and imputing non-clustered cases
     Computing consensus functions
     Evaluating output with consensus function results
     Diverse Cluster Ensemble Completed
     Selecting k and imputing non-clustered cases
     Computing consensus functions
     Evaluating output with consensus function results
     Diverse Cluster Ensemble Completed
     Selecting k and imputing non-clustered cases
     Computing consensus functions
     Diverse Cluster Ensemble Completed
     Selecting k and imputing non-clustered cases
     Computing consensus functions
     Diverse Cluster Ensemble Completed
     Selecting k and imputing non-clustered cases
     Computing consensus functions
     Diverse Cluster Ensemble Completed
     Selecting k and imputing non-clustered cases
     Computing consensus functions
     Diverse Cluster Ensemble Completed
     == Failed tests ================================================================
     -- Error (test-consensus_cluster.R:5:3): No algorithms means all algorithms, output is an array --
     Error: number of items to replace is not a multiple of replacement length
     Backtrace:
     x
     1. +-diceR::consensus_cluster(hgsc, nk = 4, reps = 1, progress = FALSE) test-consensus_cluster.R:5:2
     2. | +-purrr::pmap(list(fun, args), cc) %>% abind::abind(along = 3)
     3. | \-purrr::pmap(list(fun, args), cc)
     4. | \-diceR:::.f(.l[[1L]][[i]], .l[[2L]][[i]], ...)
     5. | \-`%>%`(...)
     6. +-abind::abind(., along = 3)
     7. \-purrr::when(., . > 0 ~ purrr::invoke(fun, args), ~NULL)
     8. \-base::eval(dots[[i]][[action]], env, env)
     9. \-base::eval(dots[[i]][[action]], env, env)
     10. +-purrr::invoke(fun, args)
     11. | \-base::do.call(.f, args, envir = .env)
     12. \-(function (data, nk, p.item, reps, algs, xdim, ydim, rlen, alpha, ...
    
     [ FAIL 1 | WARN 0 | SKIP 0 | PASS 110 ]
     Error: Test failures
     Execution halted
Flavor: r-devel-linux-x86_64-debian-clang