Last updated on 2024-04-25 22:49:04 CEST.
Flavor | Version | Tinstall | Tcheck | Ttotal | Status | Flags |
---|---|---|---|---|---|---|
r-devel-linux-x86_64-debian-clang | 0.3.0 | 36.93 | 92.15 | 129.08 | NOTE | |
r-devel-linux-x86_64-debian-gcc | 0.3.0 | 34.42 | 69.11 | 103.53 | NOTE | |
r-devel-linux-x86_64-fedora-clang | 0.3.0 | 176.62 | NOTE | |||
r-devel-linux-x86_64-fedora-gcc | 0.3.0 | 173.22 | NOTE | |||
r-devel-windows-x86_64 | 0.3.0 | 35.00 | 87.00 | 122.00 | NOTE | |
r-patched-linux-x86_64 | 0.3.0 | 29.70 | 89.07 | 118.77 | NOTE | |
r-release-linux-x86_64 | 0.3.0 | 28.63 | 90.79 | 119.42 | NOTE | |
r-release-macos-arm64 | 0.3.0 | 40.00 | NOTE | |||
r-release-windows-x86_64 | 0.3.0 | 38.00 | 101.00 | 139.00 | NOTE | |
r-oldrel-macos-arm64 | 0.3.0 | 45.00 | NOTE | |||
r-oldrel-macos-x86_64 | 0.3.0 | 64.00 | NOTE | |||
r-oldrel-windows-x86_64 | 0.3.0 | 47.00 | 124.00 | 171.00 | NOTE |
Version: 0.3.0
Check: C++ specification
Result: NOTE
Specified C++11: please drop specification unless essential
Flavors: r-devel-linux-x86_64-debian-clang, r-devel-linux-x86_64-debian-gcc, r-devel-linux-x86_64-fedora-clang, r-devel-linux-x86_64-fedora-gcc, r-devel-windows-x86_64, r-patched-linux-x86_64, r-release-linux-x86_64, r-release-macos-arm64, r-release-windows-x86_64, r-oldrel-macos-arm64, r-oldrel-macos-x86_64, r-oldrel-windows-x86_64
Version: 0.3.0
Check: Rd files
Result: NOTE
checkRd: (-1) did_imputation.Rd:74: Lost braces; missing escapes or markup?
74 | form average treatment effects for groups of {it}.
| ^
Flavors: r-devel-linux-x86_64-debian-clang, r-devel-linux-x86_64-debian-gcc, r-devel-linux-x86_64-fedora-clang, r-devel-linux-x86_64-fedora-gcc, r-devel-windows-x86_64, r-patched-linux-x86_64, r-release-macos-arm64, r-release-windows-x86_64