Last updated on 2024-03-28 23:01:42 CET.
Flavor | Version | Tinstall | Tcheck | Ttotal | Status | Flags |
---|---|---|---|---|---|---|
r-devel-linux-x86_64-debian-clang | 1.0.4 | 3.24 | 68.28 | 71.52 | NOTE | |
r-devel-linux-x86_64-debian-gcc | 1.0.4 | 3.92 | 52.41 | 56.33 | NOTE | |
r-devel-linux-x86_64-fedora-clang | 1.0.4 | 90.50 | NOTE | |||
r-devel-linux-x86_64-fedora-gcc | 1.0.4 | 103.37 | NOTE | |||
r-devel-windows-x86_64 | 1.0.4 | 6.00 | 74.00 | 80.00 | NOTE | |
r-patched-linux-x86_64 | 1.0.4 | 4.05 | 65.74 | 69.79 | NOTE | |
r-release-linux-x86_64 | 1.0.4 | 4.80 | 65.83 | 70.63 | NOTE | |
r-release-macos-arm64 | 1.0.4 | 35.00 | NOTE | |||
r-release-macos-x86_64 | 1.0.4 | 58.00 | NOTE | |||
r-release-windows-x86_64 | 1.0.4 | 7.00 | 83.00 | 90.00 | NOTE | |
r-oldrel-macos-arm64 | 1.0.4 | 24.00 | NOTE | |||
r-oldrel-windows-x86_64 | 1.0.4 | 7.00 | 79.00 | 86.00 | NOTE |
Version: 1.0.4
Check: LazyData
Result: NOTE
'LazyData' is specified without a 'data' directory
Flavors: r-devel-linux-x86_64-debian-clang, r-devel-linux-x86_64-debian-gcc, r-devel-linux-x86_64-fedora-clang, r-devel-linux-x86_64-fedora-gcc, r-devel-windows-x86_64, r-patched-linux-x86_64, r-release-linux-x86_64, r-release-macos-arm64, r-release-macos-x86_64, r-release-windows-x86_64, r-oldrel-macos-arm64, r-oldrel-windows-x86_64