CRAN Package Check Results for Package diffman

Last updated on 2021-04-12 22:50:59 CEST.

Flavor Version Tinstall Tcheck Ttotal Status Flags
r-devel-linux-x86_64-debian-clang 0.1.1 26.89 82.76 109.65 OK
r-devel-linux-x86_64-debian-gcc 0.1.1 18.34 59.08 77.42 OK
r-devel-linux-x86_64-fedora-clang 0.1.1 140.35 NOTE
r-devel-linux-x86_64-fedora-gcc 0.1.1 124.38 NOTE
r-devel-windows-ix86+x86_64 0.1.1 63.00 141.00 204.00 OK
r-devel-windows-x86_64-gcc10-UCRT 0.1.1 NOTE
r-patched-linux-x86_64 0.1.1 23.28 71.56 94.84 OK
r-patched-solaris-x86 0.1.1 167.30 NOTE
r-release-linux-x86_64 0.1.1 19.40 71.54 90.94 OK
r-release-macos-x86_64 0.1.1 NOTE
r-release-windows-ix86+x86_64 0.1.1 61.00 138.00 199.00 OK
r-oldrel-macos-x86_64 0.1.1 NOTE
r-oldrel-windows-ix86+x86_64 0.1.1 34.00 96.00 130.00 OK

Check Details

Version: 0.1.1
Check: dependencies in R code
Result: NOTE
    Namespaces in Imports field not imported from:
     ‘dplyr’ ‘sf’ ‘tidyverse’
     All declared Imports should be used.
Flavors: r-devel-linux-x86_64-fedora-clang, r-devel-linux-x86_64-fedora-gcc, r-devel-windows-x86_64-gcc10-UCRT, r-patched-solaris-x86, r-release-macos-x86_64, r-oldrel-macos-x86_64