Last updated on 2024-04-18 22:52:37 CEST.
Flavor | Version | Tinstall | Tcheck | Ttotal | Status | Flags |
---|---|---|---|---|---|---|
r-devel-linux-x86_64-debian-clang | 0.1 | 2.69 | 28.80 | 31.49 | NOTE | |
r-devel-linux-x86_64-debian-gcc | 0.1 | 1.98 | 22.30 | 24.28 | NOTE | |
r-devel-linux-x86_64-fedora-clang | 0.1 | 40.11 | NOTE | |||
r-devel-linux-x86_64-fedora-gcc | 0.1 | 37.84 | NOTE | |||
r-prerel-macos-arm64 | 0.1 | 18.00 | NOTE | |||
r-prerel-windows-x86_64 | 0.1 | 6.00 | 49.00 | 55.00 | NOTE | |
r-patched-linux-x86_64 | 0.1 | 8.10 | 27.12 | 35.22 | NOTE | |
r-release-linux-x86_64 | 0.1 | 2.76 | 27.86 | 30.62 | NOTE | |
r-release-macos-arm64 | 0.1 | 18.00 | NOTE | |||
r-release-macos-x86_64 | 0.1 | 25.00 | NOTE | |||
r-release-windows-x86_64 | 0.1 | 5.00 | 49.00 | 54.00 | NOTE | |
r-oldrel-macos-arm64 | 0.1 | 17.00 | NOTE | |||
r-oldrel-windows-x86_64 | 0.1 | 5.00 | 53.00 | 58.00 | NOTE |
Version: 0.1
Check: LazyData
Result: NOTE
'LazyData' is specified without a 'data' directory
Flavors: r-devel-linux-x86_64-debian-clang, r-devel-linux-x86_64-debian-gcc, r-devel-linux-x86_64-fedora-clang, r-devel-linux-x86_64-fedora-gcc, r-prerel-macos-arm64, r-prerel-windows-x86_64, r-patched-linux-x86_64, r-release-linux-x86_64, r-release-macos-arm64, r-release-macos-x86_64, r-release-windows-x86_64, r-oldrel-macos-arm64, r-oldrel-windows-x86_64