CRAN Package Check Results for Package diffractometry

Last updated on 2018-02-24 22:47:24 CET.

Flavor Version Tinstall Tcheck Ttotal Status Flags
r-devel-linux-x86_64-debian-clang 0.1-8 5.88 25.18 31.06 WARN
r-devel-linux-x86_64-debian-gcc 0.1-8 4.59 19.54 24.13 WARN
r-devel-linux-x86_64-fedora-clang 0.1-8 39.71 WARN
r-devel-linux-x86_64-fedora-gcc 0.1-8 35.76 WARN
r-devel-windows-ix86+x86_64 0.1-8 20.00 53.00 73.00 NOTE
r-patched-linux-x86_64 0.1-8 4.31 25.42 29.73 NOTE
r-patched-solaris-x86 0.1-8 51.80 NOTE
r-release-linux-x86_64 0.1-8 4.08 25.77 29.85 NOTE
r-release-windows-ix86+x86_64 0.1-8 14.00 72.00 86.00 NOTE
r-release-osx-x86_64 0.1-8 NOTE
r-oldrel-windows-ix86+x86_64 0.1-8 12.00 67.00 79.00 NOTE
r-oldrel-osx-x86_64 0.1-8 NOTE

Check Details

Version: 0.1-8
Check: whether package can be installed
Result: WARN
    Found the following significant warnings:
     Note: break may be used in wrong context: no loop is visible
Flavors: r-devel-linux-x86_64-debian-clang, r-devel-linux-x86_64-debian-gcc, r-devel-linux-x86_64-fedora-clang, r-devel-linux-x86_64-fedora-gcc

Version: 0.1-8
Check: R code for possible problems
Result: NOTE
    exber.maxwdth: no visible global function definition for ‘median’
    exber.maxwdth: no visible global function definition for ‘mad’
    fcnst: no visible global function definition for ‘median’
    fcnst: no visible global function definition for ‘plot’
    fcnst: no visible global function definition for ‘lines’
    fnpregm: no visible global function definition for ‘median’
    fnpregm: no visible global function definition for ‘plot’
    fnpregm: no visible global function definition for ‘lines’
    frunmed: no visible global function definition for ‘median’
    mrqsim: no visible global function definition for ‘rnorm’
    mrqsim: no visible global function definition for ‘quantile’
    pkdecomp: no visible global function definition for ‘mad’
    pkdecompint: no visible global function definition for ‘runif’
    pkdecompint: no visible global function definition for ‘optim’
    wsspoiss: no visible global function definition for ‘mad’
    Undefined global functions or variables:
     lines mad median optim plot quantile rnorm runif
    Consider adding
     importFrom("graphics", "lines", "plot")
     importFrom("stats", "mad", "median", "optim", "quantile", "rnorm",
     "runif")
    to your NAMESPACE file.
Flavors: r-devel-linux-x86_64-debian-clang, r-devel-linux-x86_64-debian-gcc, r-devel-linux-x86_64-fedora-clang, r-devel-linux-x86_64-fedora-gcc, r-devel-windows-ix86+x86_64, r-patched-linux-x86_64, r-patched-solaris-x86, r-release-linux-x86_64, r-release-windows-ix86+x86_64, r-release-osx-x86_64, r-oldrel-windows-ix86+x86_64, r-oldrel-osx-x86_64

Version: 0.1-8
Check: compiled code
Result: NOTE
    File ‘diffractometry/libs/diffractometry.so’:
     Found no calls to: ‘R_registerRoutines’, ‘R_useDynamicSymbols’
    
    It is good practice to register native routines and to disable symbol
    search.
    
    See ‘Writing portable packages’ in the ‘Writing R Extensions’ manual.
Flavors: r-devel-linux-x86_64-debian-clang, r-devel-linux-x86_64-debian-gcc, r-devel-linux-x86_64-fedora-clang, r-devel-linux-x86_64-fedora-gcc, r-patched-linux-x86_64, r-release-linux-x86_64