CRAN Package Check Results for Package diffractometry

Last updated on 2017-11-23 22:46:39 CET.

Flavor Version Tinstall Tcheck Ttotal Status Flags
r-devel-linux-x86_64-debian-clang 0.1-8 2.96 26.72 29.68 NOTE
r-devel-linux-x86_64-debian-gcc 0.1-8 3.89 37.63 41.52 NOTE
r-devel-linux-x86_64-fedora-clang 0.1-8 33.73 NOTE
r-devel-linux-x86_64-fedora-gcc 0.1-8 32.40 NOTE
r-devel-windows-ix86+x86_64 0.1-8 20.00 55.00 75.00 NOTE
r-patched-linux-x86_64 0.1-8 4.84 46.38 51.22 NOTE
r-patched-solaris-x86 0.1-8 52.30 NOTE
r-release-linux-x86_64 0.1-8 3.26 17.58 20.83 NOTE
r-release-windows-ix86+x86_64 0.1-8 14.00 72.00 86.00 NOTE
r-release-osx-x86_64 0.1-8 NOTE
r-oldrel-windows-ix86+x86_64 0.1-8 12.00 67.00 79.00 NOTE
r-oldrel-osx-x86_64 0.1-8 NOTE

Check Details

Version: 0.1-8
Check: R code for possible problems
Result: NOTE
    exber.maxwdth: no visible global function definition for ‘median’
    exber.maxwdth: no visible global function definition for ‘mad’
    fcnst: no visible global function definition for ‘median’
    fcnst: no visible global function definition for ‘plot’
    fcnst: no visible global function definition for ‘lines’
    fnpregm: no visible global function definition for ‘median’
    fnpregm: no visible global function definition for ‘plot’
    fnpregm: no visible global function definition for ‘lines’
    frunmed: no visible global function definition for ‘median’
    mrqsim: no visible global function definition for ‘rnorm’
    mrqsim: no visible global function definition for ‘quantile’
    pkdecomp: no visible global function definition for ‘mad’
    pkdecompint: no visible global function definition for ‘runif’
    pkdecompint: no visible global function definition for ‘optim’
    wsspoiss: no visible global function definition for ‘mad’
    Undefined global functions or variables:
     lines mad median optim plot quantile rnorm runif
    Consider adding
     importFrom("graphics", "lines", "plot")
     importFrom("stats", "mad", "median", "optim", "quantile", "rnorm",
     "runif")
    to your NAMESPACE file.
Flavors: r-devel-linux-x86_64-debian-clang, r-devel-linux-x86_64-debian-gcc, r-devel-linux-x86_64-fedora-clang, r-devel-linux-x86_64-fedora-gcc, r-devel-windows-ix86+x86_64, r-patched-linux-x86_64, r-patched-solaris-x86, r-release-linux-x86_64, r-release-windows-ix86+x86_64, r-release-osx-x86_64, r-oldrel-windows-ix86+x86_64, r-oldrel-osx-x86_64

Version: 0.1-8
Check: compiled code
Result: NOTE
    File ‘diffractometry/libs/diffractometry.so’:
     Found no calls to: ‘R_registerRoutines’, ‘R_useDynamicSymbols’
    
    It is good practice to register native routines and to disable symbol
    search.
    
    See ‘Writing portable packages’ in the ‘Writing R Extensions’ manual.
Flavors: r-devel-linux-x86_64-debian-clang, r-devel-linux-x86_64-debian-gcc, r-devel-linux-x86_64-fedora-clang, r-devel-linux-x86_64-fedora-gcc, r-patched-linux-x86_64, r-release-linux-x86_64