Last updated on 2023-03-29 23:09:01 CEST.
Flavor | Version | Tinstall | Tcheck | Ttotal | Status | Flags |
---|---|---|---|---|---|---|
r-devel-linux-x86_64-debian-clang | 0.2.6 | 16.74 | 283.68 | 300.42 | OK | |
r-devel-linux-x86_64-debian-gcc | 0.2.6 | 15.97 | 214.18 | 230.15 | OK | |
r-devel-linux-x86_64-fedora-clang | 0.2.6 | 374.03 | NOTE | |||
r-devel-linux-x86_64-fedora-gcc | 0.2.6 | 400.02 | OK | |||
r-devel-windows-x86_64 | 0.2.6 | 71.00 | 346.00 | 417.00 | OK | |
r-patched-linux-x86_64 | 0.2.6 | 24.20 | 267.52 | 291.72 | OK | |
r-release-linux-x86_64 | 0.2.6 | 21.91 | 268.49 | 290.40 | OK | |
r-release-macos-arm64 | 0.2.6 | 105.00 | OK | |||
r-release-macos-x86_64 | 0.2.6 | 140.00 | OK | |||
r-release-windows-x86_64 | 0.2.6 | 74.00 | 316.00 | 390.00 | OK | |
r-oldrel-macos-arm64 | 0.2.6 | 105.00 | WARN | |||
r-oldrel-macos-x86_64 | 0.2.6 | 132.00 | WARN | |||
r-oldrel-windows-ix86+x86_64 | 0.2.6 | 43.00 | 328.00 | 371.00 | WARN |
Version: 0.2.6
Check: Rd cross-references
Result: NOTE
Undeclared package ‘CVST’ in Rd xrefs
Flavor: r-devel-linux-x86_64-fedora-clang
Version: 0.2.6
Check: for unstated dependencies in examples
Result: WARN
'library' or 'require' calls not declared from:
‘MASS’ ‘Matrix’ ‘NNMF’ ‘RANN’ ‘RSpectra’ ‘c’ ‘coRanking’ ‘ggplot’
‘igraph’ ‘loe’ ‘scales’ ‘tidyr’
Flavors: r-oldrel-macos-arm64, r-oldrel-macos-x86_64, r-oldrel-windows-ix86+x86_64
Version: 0.2.6
Check: for unstated dependencies in ‘tests’
Result: WARN
Warning: unable to access index for repository https://bioconductor.org/packages/3.14/bioc/src/contrib:
cannot open URL 'https://bioconductor.org/packages/3.14/bioc/src/contrib/PACKAGES'
Warning: unable to access index for repository https://bioconductor.org/packages/3.14/data/annotation/src/contrib:
cannot open URL 'https://bioconductor.org/packages/3.14/data/annotation/src/contrib/PACKAGES'
Warning: unable to access index for repository https://bioconductor.org/packages/3.14/data/experiment/src/contrib:
cannot open URL 'https://bioconductor.org/packages/3.14/data/experiment/src/contrib/PACKAGES'
'library' or 'require' calls not declared from:
'keras' 'reticulate' 'tensorflow' 'vegan'
Flavor: r-oldrel-windows-ix86+x86_64