Last updated on 2023-04-01 22:53:39 CEST.
Flavor | Version | Tinstall | Tcheck | Ttotal | Status | Flags |
---|---|---|---|---|---|---|
r-devel-linux-x86_64-debian-clang | 0.3.0 | 8.85 | 90.01 | 98.86 | WARN | |
r-devel-linux-x86_64-debian-gcc | 0.3.0 | 6.13 | 67.85 | 73.98 | WARN | |
r-devel-linux-x86_64-fedora-clang | 0.3.0 | 125.64 | WARN | |||
r-devel-linux-x86_64-fedora-gcc | 0.3.0 | 120.74 | WARN | |||
r-devel-windows-x86_64 | 0.3.0 | 18.00 | 120.00 | 138.00 | WARN | |
r-patched-linux-x86_64 | 0.3.0 | 9.72 | 83.97 | 93.69 | WARN | |
r-release-linux-x86_64 | 0.3.0 | 8.09 | 83.60 | 91.69 | OK | |
r-release-macos-arm64 | 0.3.0 | 34.00 | OK | |||
r-release-macos-x86_64 | 0.3.0 | 48.00 | OK | |||
r-release-windows-x86_64 | 0.3.0 | 108.00 | 124.00 | 232.00 | OK | |
r-oldrel-macos-arm64 | 0.3.0 | 35.00 | OK | |||
r-oldrel-macos-x86_64 | 0.3.0 | 49.00 | OK | |||
r-oldrel-windows-ix86+x86_64 | 0.3.0 | 22.00 | 113.00 | 135.00 | OK |
Version: 0.3.0
Check: S3 generic/method consistency
Result: WARN
colnames:
function(x, do.NULL, prefix)
colnames.MultivariateAnalysis:
function(x)
rownames:
function(x, do.NULL, prefix)
rownames.MultivariateAnalysis:
function(x)
colnames:
function(x, do.NULL, prefix)
colnames.MultivariateAnalysis:
function(x)
rownames:
function(x, do.NULL, prefix)
rownames.MultivariateAnalysis:
function(x)
See section ‘Generic functions and methods’ in the ‘Writing R
Extensions’ manual.
Flavors: r-devel-linux-x86_64-debian-clang, r-devel-linux-x86_64-debian-gcc, r-devel-linux-x86_64-fedora-clang, r-devel-linux-x86_64-fedora-gcc, r-devel-windows-x86_64, r-patched-linux-x86_64