Last updated on 2024-03-27 22:57:43 CET.
Flavor | Version | Tinstall | Tcheck | Ttotal | Status | Flags |
---|---|---|---|---|---|---|
r-devel-linux-x86_64-debian-clang | 0.3.0 | 119.22 | 157.56 | 276.78 | NOTE | |
r-devel-linux-x86_64-debian-gcc | 0.3.0 | 111.16 | 124.68 | 235.84 | NOTE | |
r-devel-linux-x86_64-fedora-clang | 0.3.0 | 508.29 | OK | |||
r-devel-linux-x86_64-fedora-gcc | 0.3.0 | 614.81 | OK | |||
r-devel-windows-x86_64 | 0.3.0 | 86.00 | 248.00 | 334.00 | NOTE | |
r-patched-linux-x86_64 | 0.3.0 | 125.12 | 159.76 | 284.88 | NOTE | |
r-release-linux-x86_64 | 0.3.0 | 91.01 | 159.18 | 250.19 | NOTE | |
r-release-macos-arm64 | 0.3.0 | 96.00 | NOTE | |||
r-release-macos-x86_64 | 0.3.0 | 273.00 | NOTE | |||
r-release-windows-x86_64 | 0.3.0 | 112.00 | 193.00 | 305.00 | NOTE | |
r-oldrel-macos-arm64 | 0.3.0 | 106.00 | NOTE | |||
r-oldrel-windows-x86_64 | 0.3.0 | 108.00 | 188.00 | 296.00 | NOTE |
Version: 0.3.0
Check: package dependencies
Result: NOTE
Package suggested but not available for checking: ‘INLA’
Flavors: r-devel-linux-x86_64-debian-clang, r-devel-linux-x86_64-debian-gcc, r-patched-linux-x86_64, r-release-linux-x86_64, r-release-macos-arm64, r-release-macos-x86_64, r-release-windows-x86_64, r-oldrel-macos-arm64, r-oldrel-windows-x86_64
Version: 0.3.0
Check: installed package size
Result: NOTE
installed size is 13.3Mb
sub-directories of 1Mb or more:
libs 12.8Mb
Flavors: r-devel-windows-x86_64, r-release-macos-arm64, r-release-macos-x86_64, r-release-windows-x86_64, r-oldrel-macos-arm64, r-oldrel-windows-x86_64