Last updated on 2024-04-17 22:59:50 CEST.
Flavor | Version | Tinstall | Tcheck | Ttotal | Status | Flags |
---|---|---|---|---|---|---|
r-devel-linux-x86_64-debian-clang | 2.0.6 | 30.06 | 321.09 | 351.15 | NOTE | |
r-devel-linux-x86_64-debian-gcc | 2.0.6 | 22.22 | 220.46 | 242.68 | NOTE | |
r-devel-linux-x86_64-fedora-clang | 2.0.6 | 427.71 | OK | |||
r-devel-linux-x86_64-fedora-gcc | 2.0.6 | 1408.27 | OK | |||
r-prerel-macos-arm64 | 2.0.6 | 88.00 | NOTE | |||
r-prerel-macos-x86_64 | 2.0.6 | 338.00 | NOTE | |||
r-prerel-windows-x86_64 | 2.0.6 | 21.00 | 195.00 | 216.00 | OK | |
r-patched-linux-x86_64 | 2.0.6 | 22.89 | 291.48 | 314.37 | NOTE | |
r-release-linux-x86_64 | 2.0.6 | 21.26 | 298.17 | 319.43 | NOTE | |
r-release-macos-arm64 | 2.0.6 | 108.00 | NOTE | |||
r-release-macos-x86_64 | 2.0.6 | 347.00 | NOTE | |||
r-release-windows-x86_64 | 2.0.6 | 30.00 | 269.00 | 299.00 | NOTE | |
r-oldrel-macos-arm64 | 2.0.6 | 100.00 | NOTE | |||
r-oldrel-windows-x86_64 | 2.0.6 | 30.00 | 261.00 | 291.00 | NOTE |
Version: 2.0.6
Check: package dependencies
Result: NOTE
Packages which this enhances but not available for checking:
'mapmisc', 'INLA'
Flavors: r-devel-linux-x86_64-debian-clang, r-patched-linux-x86_64, r-release-linux-x86_64
Version: 2.0.6
Check: package dependencies
Result: NOTE
Package which this enhances but not available for checking: ‘INLA’
Flavors: r-devel-linux-x86_64-debian-gcc, r-prerel-macos-arm64, r-prerel-macos-x86_64, r-release-macos-arm64, r-release-macos-x86_64, r-release-windows-x86_64, r-oldrel-macos-arm64, r-oldrel-windows-x86_64