CRAN Package Check Results for Package disto

Last updated on 2023-09-28 23:08:43 CEST.

Flavor Version Tinstall Tcheck Ttotal Status Flags
r-devel-linux-x86_64-debian-clang 0.2.0 2.94 42.93 45.87 NOTE
r-devel-linux-x86_64-debian-gcc 0.2.0 2.56 32.73 35.29 NOTE
r-devel-linux-x86_64-fedora-clang 0.2.0 56.82 NOTE
r-devel-linux-x86_64-fedora-gcc 0.2.0 67.68 NOTE
r-devel-windows-x86_64 0.2.0 6.00 72.00 78.00 NOTE
r-patched-linux-x86_64 0.2.0 2.39 41.10 43.49 NOTE
r-release-linux-x86_64 0.2.0 2.62 41.29 43.91 NOTE
r-release-macos-arm64 0.2.0 31.00 NOTE
r-release-macos-x86_64 0.2.0 37.00 NOTE
r-release-windows-x86_64 0.2.0 6.00 65.00 71.00 NOTE
r-oldrel-macos-arm64 0.2.0 23.00 NOTE
r-oldrel-macos-x86_64 0.2.0 36.00 NOTE
r-oldrel-windows-x86_64 0.2.0 7.00 65.00 72.00 OK

Check Details

Version: 0.2.0
Check: package subdirectories
Result: NOTE
    Problems with news in ‘NEWS.md’:
    No news entries found.
Flavors: r-devel-linux-x86_64-debian-clang, r-devel-linux-x86_64-debian-gcc, r-devel-linux-x86_64-fedora-clang, r-devel-linux-x86_64-fedora-gcc, r-devel-windows-x86_64, r-patched-linux-x86_64, r-release-linux-x86_64, r-release-macos-arm64, r-release-macos-x86_64, r-release-windows-x86_64

Version: 0.2.0
Check: dependencies in R code
Result: NOTE
    Namespaces in Imports field not imported from:
     ‘dplyr’ ‘proxy’
     All declared Imports should be used.
Flavors: r-devel-linux-x86_64-fedora-clang, r-devel-linux-x86_64-fedora-gcc, r-oldrel-macos-arm64, r-oldrel-macos-x86_64