Last updated on 2024-04-17 22:59:50 CEST.
Flavor | Version | Tinstall | Tcheck | Ttotal | Status | Flags |
---|---|---|---|---|---|---|
r-devel-linux-x86_64-debian-clang | 2.8.2 | 34.98 | 97.35 | 132.33 | OK | |
r-devel-linux-x86_64-debian-gcc | 2.8.2 | 26.69 | 71.50 | 98.19 | OK | |
r-devel-linux-x86_64-fedora-clang | 2.8.2 | 163.63 | OK | |||
r-devel-linux-x86_64-fedora-gcc | 2.8.2 | 157.80 | OK | |||
r-prerel-macos-arm64 | 2.8.2 | 46.00 | OK | |||
r-prerel-macos-x86_64 | 2.8.2 | 107.00 | NOTE | |||
r-prerel-windows-x86_64 | 2.8.2 | 26.00 | 96.00 | 122.00 | OK | |
r-patched-linux-x86_64 | 2.8.2 | 28.49 | 90.98 | 119.47 | OK | |
r-release-linux-x86_64 | 2.8.2 | 31.40 | 91.39 | 122.79 | OK | |
r-release-macos-arm64 | 2.8.2 | 66.00 | OK | |||
r-release-macos-x86_64 | 2.8.2 | 99.00 | OK | |||
r-release-windows-x86_64 | 2.8.2 | 25.00 | 107.00 | 132.00 | OK | |
r-oldrel-macos-arm64 | 2.8.2 | 53.00 | OK | |||
r-oldrel-windows-x86_64 | 2.8.2 | 37.00 | 122.00 | 159.00 | OK |
Version: 2.8.2
Check: package dependencies
Result: NOTE
Packages suggested but not available for checking: 'distrMod', 'distrTEst'
Flavor: r-prerel-macos-x86_64