CRAN Package Check Results for Package distrSim

Last updated on 2019-12-11 22:51:05 CET.

Flavor Version Tinstall Tcheck Ttotal Status Flags
r-devel-linux-x86_64-debian-clang 2.8.0 19.42 52.11 71.53 NOTE
r-devel-linux-x86_64-debian-gcc 2.8.0 15.72 41.79 57.51 NOTE
r-devel-linux-x86_64-fedora-clang 2.8.0 88.74 NOTE
r-devel-linux-x86_64-fedora-gcc 2.8.0 92.03 NOTE
r-devel-windows-ix86+x86_64 2.8.0 32.00 85.00 117.00 OK
r-devel-windows-ix86+x86_64-gcc8 2.8.0 32.00 86.00 118.00 OK
r-patched-linux-x86_64 2.8.0 17.41 47.48 64.89 OK
r-patched-solaris-x86 2.8.0 112.30 OK
r-release-linux-x86_64 2.8.0 19.61 47.24 66.85 OK
r-release-windows-ix86+x86_64 2.8.0 30.00 62.00 92.00 OK
r-release-osx-x86_64 2.8.0 OK
r-oldrel-windows-ix86+x86_64 2.8.0 20.00 62.00 82.00 OK
r-oldrel-osx-x86_64 2.8.0 OK

Check Details

Version: 2.8.0
Check: for non-standard things in the check directory
Result: NOTE
    Found the following files/directories:
     'csim' 'xyz' 'xyz.sav' 'xyz.sav.comment'
Flavors: r-devel-linux-x86_64-debian-clang, r-devel-linux-x86_64-debian-gcc, r-devel-linux-x86_64-fedora-clang, r-devel-linux-x86_64-fedora-gcc