CRAN Package Check Results for Package distrSim

Last updated on 2019-07-23 22:48:45 CEST.

Flavor Version Tinstall Tcheck Ttotal Status Flags
r-devel-linux-x86_64-debian-clang 2.8.0 17.97 47.85 65.82 NOTE
r-devel-linux-x86_64-debian-gcc 2.8.0 16.59 39.15 55.74 NOTE
r-devel-linux-x86_64-fedora-clang 2.8.0 80.87 NOTE
r-devel-linux-x86_64-fedora-gcc 2.8.0 79.75 NOTE
r-devel-windows-ix86+x86_64 2.8.0 26.00 75.00 101.00 OK
r-patched-linux-x86_64 2.8.0 17.23 48.07 65.30 OK
r-patched-solaris-x86 2.8.0 116.40 OK
r-release-linux-x86_64 2.8.0 17.10 48.53 65.63 OK
r-release-windows-ix86+x86_64 2.8.0 27.00 59.00 86.00 OK
r-release-osx-x86_64 2.8.0 OK
r-oldrel-windows-ix86+x86_64 2.8.0 29.00 54.00 83.00 OK
r-oldrel-osx-x86_64 2.8.0 OK

Check Details

Version: 2.8.0
Check: for non-standard things in the check directory
Result: NOTE
    Found the following files/directories:
     'csim' 'xyz' 'xyz.sav' 'xyz.sav.comment'
Flavors: r-devel-linux-x86_64-debian-clang, r-devel-linux-x86_64-debian-gcc, r-devel-linux-x86_64-fedora-clang, r-devel-linux-x86_64-fedora-gcc