Last updated on 2024-03-28 23:01:42 CET.
Flavor | Version | Tinstall | Tcheck | Ttotal | Status | Flags |
---|---|---|---|---|---|---|
r-devel-linux-x86_64-debian-clang | 0.10-0 | 94.06 | 136.34 | 230.40 | OK | |
r-devel-linux-x86_64-debian-gcc | 0.10-0 | 68.74 | 96.75 | 165.49 | OK | |
r-devel-linux-x86_64-fedora-clang | 0.10-0 | 286.37 | OK | |||
r-devel-linux-x86_64-fedora-gcc | 0.10-0 | 289.27 | OK | |||
r-devel-windows-x86_64 | 0.10-0 | 83.00 | 137.00 | 220.00 | OK | |
r-patched-linux-x86_64 | 0.10-0 | 86.74 | 129.45 | 216.19 | OK | |
r-release-linux-x86_64 | 0.10-0 | 83.49 | 127.20 | 210.69 | OK | |
r-release-macos-arm64 | 0.10-0 | 79.00 | NOTE | |||
r-release-macos-x86_64 | 0.10-0 | 156.00 | NOTE | |||
r-release-windows-x86_64 | 0.10-0 | 100.00 | 177.00 | 277.00 | OK | |
r-oldrel-macos-arm64 | 0.10-0 | 72.00 | NOTE | |||
r-oldrel-windows-x86_64 | 0.10-0 | 85.00 | 161.00 | 246.00 | OK |
Version: 0.10-0
Check: installed package size
Result: NOTE
installed size is 7.8Mb
sub-directories of 1Mb or more:
libs 6.6Mb
Flavors: r-release-macos-arm64, r-release-macos-x86_64, r-oldrel-macos-arm64